{"id":4787,"date":"2026-04-29T08:47:16","date_gmt":"2026-04-29T06:47:16","guid":{"rendered":"https:\/\/vskultur.de\/?post_type=projekte&#038;p=4787"},"modified":"2026-04-29T08:47:18","modified_gmt":"2026-04-29T06:47:18","slug":"mitmach-klarpresswerk","status":"publish","type":"projekte","link":"https:\/\/vskultur.de\/en\/projekte\/nahrung-genussmittel\/mitmach-klarpresswerk\/","title":{"rendered":"mitMaCh &amp; KlarpressWerk"},"content":{"rendered":"<p>Wir sind ein Gr\u00fcnderteam, das Menschen wieder n\u00e4her an ihre Lebensmittel bringt. Mit transparenten Prozessen, handwerklichen Produkten und erlebbarer nicht belehrender Ern\u00e4hrungsbildung schaffen wir R\u00e4ume f\u00fcr Bewusstsein, Genuss und echte Begegnung. In Verkostungen und kleinen Produktionen zeigen wir, wie Lebensmittel entstehen, warum Herkunft z\u00e4hlt und wie gute Entscheidungen im Alltag leichter werden. Unsere Vision: eine moderne Esskultur, die neugierig macht, verbindet und st\u00e4rkt \u2013 ehrlich, regional, nachhaltig, gemeinschaftlich und inspirierend.<\/p>","protected":false},"excerpt":{"rendered":"<p>Wir sind ein Gr\u00fcnderteam, das Menschen wieder n\u00e4her an ihre Lebensmittel bringt. Mit transparenten Prozessen, handwerklichen Produkten und erlebbarer nicht belehrender Ern\u00e4hrungsbildung schaffen wir R\u00e4ume f\u00fcr Bewusstsein, Genuss und echte Begegnung. In Verkostungen und kleinen Produktionen zeigen wir, wie Lebensmittel entstehen, warum Herkunft z\u00e4hlt und wie gute Entscheidungen im Alltag leichter werden. Unsere Vision: eine [&hellip;]<\/p>","protected":false},"author":10,"featured_media":4788,"parent":0,"template":"","cluster":[32],"class_list":["post-4787","projekte","type-projekte","status-publish","has-post-thumbnail","hentry","cluster-nahrung-genussmittel"],"acf":[],"_links":{"self":[{"href":"https:\/\/vskultur.de\/en\/wp-json\/wp\/v2\/projekte\/4787","targetHints":{"allow":["GET"]}}],"collection":[{"href":"https:\/\/vskultur.de\/en\/wp-json\/wp\/v2\/projekte"}],"about":[{"href":"https:\/\/vskultur.de\/en\/wp-json\/wp\/v2\/types\/projekte"}],"author":[{"embeddable":true,"href":"https:\/\/vskultur.de\/en\/wp-json\/wp\/v2\/users\/10"}],"wp:featuredmedia":[{"embeddable":true,"href":"https:\/\/vskultur.de\/en\/wp-json\/wp\/v2\/media\/4788"}],"wp:attachment":[{"href":"https:\/\/vskultur.de\/en\/wp-json\/wp\/v2\/media?parent=4787"}],"wp:term":[{"taxonomy":"cluster","embeddable":true,"href":"https:\/\/vskultur.de\/en\/wp-json\/wp\/v2\/cluster?post=4787"}],"curies":[{"name":"wp","href":"https:\/\/api.w.org\/{rel}","templated":true}]}}

<p>Wir sind ein Gründerteam, das Menschen wieder näher an ihre Lebensmittel bringt. Mit transparenten Prozessen, handwerklichen Produkten und erlebbarer nicht belehrender Ernährungsbildung schaffen wir Räume für Bewusstsein, Genuss und echte Begegnung. In Verkostungen und kleinen Produktionen zeigen wir, wie Lebensmittel entstehen, warum Herkunft zählt und wie gute Entscheidungen im Alltag leichter werden. Unsere Vision: eine moderne Esskultur, die neugierig macht, verbindet und stärkt – ehrlich, regional, nachhaltig, gemeinschaftlich und inspirierend.</p>

<p>Wir sind ein Gründerteam, das Menschen wieder näher an ihre Lebensmittel bringt. Mit transparenten Prozessen, handwerklichen Produkten und erlebbarer nicht belehrender Ernährungsbildung schaffen wir Räume für Bewusstsein, Genuss und echte Begegnung. In Verkostungen und kleinen Produktionen zeigen wir, wie Lebensmittel entstehen, warum Herkunft zählt und wie gute Entscheidungen im Alltag leichter werden. Unsere Vision: eine [&hellip;]</p>
