{"id":4597,"date":"2026-01-15T13:56:42","date_gmt":"2026-01-15T12:56:42","guid":{"rendered":"https:\/\/vskultur.de\/?post_type=projekte&#038;p=4597"},"modified":"2026-01-15T13:56:44","modified_gmt":"2026-01-15T12:56:44","slug":"organisationsentwicklung-mensch-struktur-sinn","status":"publish","type":"projekte","link":"https:\/\/vskultur.de\/en\/projekte\/bildung-soziales\/organisationsentwicklung-mensch-struktur-sinn\/","title":{"rendered":"Organisationsentwicklung: Mensch - Struktur - Sinn"},"content":{"rendered":"<p>Ich arbeite mit Organisationen im Public Sector, KMU und Non-Profit daran, Wandel nicht nur zu verwalten, sondern aktiv zu gestalten. Denn dort, wo Menschen sich gesehen, geh\u00f6rt und gemeint f\u00fchlen, entsteht gelebte Verantwortung: f\u00fcr sich selbst, f\u00fcr andere und f\u00fcr das gro\u00dfe Ganze.<br>Vernetze Dich mit mir und lass uns gemeinsam f\u00fcr eine Arbeitswelt wirken, die weniger Pflicht bedeutet und vielmehr Freude macht, weil sie bewusste Teilhabe erm\u00f6glicht.<\/p>","protected":false},"excerpt":{"rendered":"<p>Ich arbeite mit Organisationen im Public Sector, KMU und Non-Profit daran, Wandel nicht nur zu verwalten, sondern aktiv zu gestalten. Denn dort, wo Menschen sich gesehen, geh\u00f6rt und gemeint f\u00fchlen, entsteht gelebte Verantwortung: f\u00fcr sich selbst, f\u00fcr andere und f\u00fcr das gro\u00dfe Ganze.Vernetze Dich mit mir und lass uns gemeinsam f\u00fcr eine Arbeitswelt wirken, die [&hellip;]<\/p>","protected":false},"author":10,"featured_media":4598,"parent":0,"template":"","cluster":[28],"class_list":["post-4597","projekte","type-projekte","status-publish","has-post-thumbnail","hentry","cluster-bildung-soziales"],"acf":[],"_links":{"self":[{"href":"https:\/\/vskultur.de\/en\/wp-json\/wp\/v2\/projekte\/4597","targetHints":{"allow":["GET"]}}],"collection":[{"href":"https:\/\/vskultur.de\/en\/wp-json\/wp\/v2\/projekte"}],"about":[{"href":"https:\/\/vskultur.de\/en\/wp-json\/wp\/v2\/types\/projekte"}],"author":[{"embeddable":true,"href":"https:\/\/vskultur.de\/en\/wp-json\/wp\/v2\/users\/10"}],"wp:featuredmedia":[{"embeddable":true,"href":"https:\/\/vskultur.de\/en\/wp-json\/wp\/v2\/media\/4598"}],"wp:attachment":[{"href":"https:\/\/vskultur.de\/en\/wp-json\/wp\/v2\/media?parent=4597"}],"wp:term":[{"taxonomy":"cluster","embeddable":true,"href":"https:\/\/vskultur.de\/en\/wp-json\/wp\/v2\/cluster?post=4597"}],"curies":[{"name":"wp","href":"https:\/\/api.w.org\/{rel}","templated":true}]}}

<p>Ich arbeite mit Organisationen im Public Sector, KMU und Non-Profit daran, Wandel nicht nur zu verwalten, sondern aktiv zu gestalten. Denn dort, wo Menschen sich gesehen, gehört und gemeint fühlen, entsteht gelebte Verantwortung: für sich selbst, für andere und für das große Ganze.<br>Vernetze Dich mit mir und lass uns gemeinsam für eine Arbeitswelt wirken, die weniger Pflicht bedeutet und vielmehr Freude macht, weil sie bewusste Teilhabe ermöglicht.</p>

<p>Ich arbeite mit Organisationen im Public Sector, KMU und Non-Profit daran, Wandel nicht nur zu verwalten, sondern aktiv zu gestalten. Denn dort, wo Menschen sich gesehen, gehört und gemeint fühlen, entsteht gelebte Verantwortung: für sich selbst, für andere und für das große Ganze.Vernetze Dich mit mir und lass uns gemeinsam für eine Arbeitswelt wirken, die [&hellip;]</p>
