{"id":3861,"date":"2025-04-02T12:47:13","date_gmt":"2025-04-02T10:47:13","guid":{"rendered":"https:\/\/vskultur.de\/?post_type=projekte&#038;p=3861"},"modified":"2025-04-02T12:53:22","modified_gmt":"2025-04-02T10:53:22","slug":"franziska-herrmann-nachhaltiges-grafikdesign","status":"publish","type":"projekte","link":"https:\/\/vskultur.de\/en\/projekte\/kunst-kultur-kreativwirtschaft\/franziska-herrmann-nachhaltiges-grafikdesign\/","title":{"rendered":"Franziska Herrmann - Sustainable graphic design"},"content":{"rendered":"<p><strong>Moin, ich bin Franziska Herrmann \u2013 oder einfach Franzi.<\/strong><br>Als Grafikdesignerin, Illustratorin und 2D-Animatorin gestalte ich mit Herz und Haltung.\u200b<\/p>\n\n\n\n<p>Nachhaltigkeit und Gleichberechtigung sind f\u00fcr mich nicht nur Werte, sondern eine Lebensphilosophie.&nbsp;Meine Selbstst\u00e4ndigkeit auf dieser Basis aufzubauen, war die logische Konsequenz.\u200b<\/p>\n\n\n\n<div style=\"height:30px\" aria-hidden=\"true\" class=\"wp-block-spacer\"><\/div>\n\n\n\n<p>In meiner Arbeit lege ich gro\u00dfen Wert auf umweltfreundliche und ressourcenschonende Gestaltung.&nbsp;Ich f\u00fchre mit meinen Kund*innen ein Eco-Briefing durch, um gemeinsam die nachhaltigste L\u00f6sung f\u00fcr jedes Projekt zu finden.&nbsp;Dabei setze ich auf Recyclingpapier und arbeite mit lokalen Druckereien zusammen, um den \u00f6kologischen Fu\u00dfabdruck so gering wie m\u00f6glich zu halten.&nbsp;Zudem achte ich darauf, technische Ger\u00e4te bis zum Ende ihrer Lebensdauer zu nutzen und bevorzuge den Datentransfer \u00fcber Plattformen wie \u201eWeTransfer\u201c, um unn\u00f6tigen Speicherverbrauch zu vermeiden.<\/p>\n\n\n\n<div style=\"height:30px\" aria-hidden=\"true\" class=\"wp-block-spacer\"><\/div>\n\n\n\n<p>Aufgewachsen im Dreil\u00e4ndereck S\u00fcddeutschlands, f\u00fchrte mich mein Weg \u00fcber ein Grafikdesign-Studium in Pforzheim (B.A. Visual Communication) und Jahre in Karlsruhe \u2013 wo ich an der FH unterrichtete, einen Buchverlag f\u00fcr Poetry Slam-Autor*innen gr\u00fcndete und in Agenturen arbeitete \u2013 schlie\u00dflich nach Bremen.&nbsp;2008 lernte ich die Stadt auf einer Tramp-Tour kennen und lieben.&nbsp;Seit 2014 nenne ich sie mein Zuhause und genie\u00dfe jeden Tag in dieser wunderbaren Stadt mit ihren gro\u00dfartigen Menschen.\u200b<\/p>\n\n\n\n<div style=\"height:30px\" aria-hidden=\"true\" class=\"wp-block-spacer\"><\/div>\n\n\n\n<p>Ich bin \u00fcberzeugt, dass Design Verantwortung tr\u00e4gt.&nbsp;Deshalb arbeite ich kontinuierlich daran, meine Prozesse noch nachhaltiger zu gestalten und freue mich \u00fcber Anregungen und den Austausch mit Gleichgesinnten.<\/p>\n\n\n\n<p>E-Mail:&nbsp;<a href=\"mailto:info@franziska-herrmann.de\">info@franziska-herrmann.de<\/a><\/p>","protected":false},"excerpt":{"rendered":"<p>Moin, ich bin Franziska Herrmann \u2013 oder einfach Franzi.Als Grafikdesignerin, Illustratorin und 2D-Animatorin gestalte ich mit Herz und Haltung.\u200b Nachhaltigkeit und Gleichberechtigung sind f\u00fcr mich nicht nur Werte, sondern eine Lebensphilosophie.&nbsp;Meine Selbstst\u00e4ndigkeit auf dieser Basis aufzubauen, war die logische Konsequenz.\u200b In meiner Arbeit lege ich gro\u00dfen Wert auf umweltfreundliche und ressourcenschonende Gestaltung.&nbsp;Ich f\u00fchre mit meinen [&hellip;]<\/p>","protected":false},"author":10,"featured_media":3863,"parent":0,"template":"","cluster":[29],"class_list":["post-3861","projekte","type-projekte","status-publish","has-post-thumbnail","hentry","cluster-kunst-kultur-kreativwirtschaft"],"acf":[],"_links":{"self":[{"href":"https:\/\/vskultur.de\/en\/wp-json\/wp\/v2\/projekte\/3861","targetHints":{"allow":["GET"]}}],"collection":[{"href":"https:\/\/vskultur.de\/en\/wp-json\/wp\/v2\/projekte"}],"about":[{"href":"https:\/\/vskultur.de\/en\/wp-json\/wp\/v2\/types\/projekte"}],"author":[{"embeddable":true,"href":"https:\/\/vskultur.de\/en\/wp-json\/wp\/v2\/users\/10"}],"wp:featuredmedia":[{"embeddable":true,"href":"https:\/\/vskultur.de\/en\/wp-json\/wp\/v2\/media\/3863"}],"wp:attachment":[{"href":"https:\/\/vskultur.de\/en\/wp-json\/wp\/v2\/media?parent=3861"}],"wp:term":[{"taxonomy":"cluster","embeddable":true,"href":"https:\/\/vskultur.de\/en\/wp-json\/wp\/v2\/cluster?post=3861"}],"curies":[{"name":"wp","href":"https:\/\/api.w.org\/{rel}","templated":true}]}}

<p><strong>Moin, ich bin Franziska Herrmann – oder einfach Franzi.</strong><br>Als Grafikdesignerin, Illustratorin und 2D-Animatorin gestalte ich mit Herz und Haltung.​</p>



<p>Nachhaltigkeit und Gleichberechtigung sind für mich nicht nur Werte, sondern eine Lebensphilosophie.&nbsp;Meine Selbstständigkeit auf dieser Basis aufzubauen, war die logische Konsequenz.​</p>



<div style="height:30px" aria-hidden="true" class="wp-block-spacer"></div>



<p>In meiner Arbeit lege ich großen Wert auf umweltfreundliche und ressourcenschonende Gestaltung.&nbsp;Ich führe mit meinen Kund*innen ein Eco-Briefing durch, um gemeinsam die nachhaltigste Lösung für jedes Projekt zu finden.&nbsp;Dabei setze ich auf Recyclingpapier und arbeite mit lokalen Druckereien zusammen, um den ökologischen Fußabdruck so gering wie möglich zu halten.&nbsp;Zudem achte ich darauf, technische Geräte bis zum Ende ihrer Lebensdauer zu nutzen und bevorzuge den Datentransfer über Plattformen wie „WeTransfer“, um unnötigen Speicherverbrauch zu vermeiden.</p>



<div style="height:30px" aria-hidden="true" class="wp-block-spacer"></div>



<p>Aufgewachsen im Dreiländereck Süddeutschlands, führte mich mein Weg über ein Grafikdesign-Studium in Pforzheim (B.A. Visual Communication) und Jahre in Karlsruhe – wo ich an der FH unterrichtete, einen Buchverlag für Poetry Slam-Autor*innen gründete und in Agenturen arbeitete – schließlich nach Bremen.&nbsp;2008 lernte ich die Stadt auf einer Tramp-Tour kennen und lieben.&nbsp;Seit 2014 nenne ich sie mein Zuhause und genieße jeden Tag in dieser wunderbaren Stadt mit ihren großartigen Menschen.​</p>



<div style="height:30px" aria-hidden="true" class="wp-block-spacer"></div>



<p>Ich bin überzeugt, dass Design Verantwortung trägt.&nbsp;Deshalb arbeite ich kontinuierlich daran, meine Prozesse noch nachhaltiger zu gestalten und freue mich über Anregungen und den Austausch mit Gleichgesinnten.</p>



<p>E-Mail:&nbsp;<a href="mailto:info@franziska-herrmann.de">info@franziska-herrmann.de</a></p>

<p>Moin, ich bin Franziska Herrmann – oder einfach Franzi.Als Grafikdesignerin, Illustratorin und 2D-Animatorin gestalte ich mit Herz und Haltung.​ Nachhaltigkeit und Gleichberechtigung sind für mich nicht nur Werte, sondern eine Lebensphilosophie.&nbsp;Meine Selbstständigkeit auf dieser Basis aufzubauen, war die logische Konsequenz.​ In meiner Arbeit lege ich großen Wert auf umweltfreundliche und ressourcenschonende Gestaltung.&nbsp;Ich führe mit meinen [&hellip;]</p>
