{"id":4195,"date":"2024-04-24T12:27:09","date_gmt":"2024-04-24T10:27:09","guid":{"rendered":"https:\/\/vskultur.de\/faqs\/welche-mail-verteiler-gibt-es-2\/"},"modified":"2024-04-24T12:27:09","modified_gmt":"2024-04-24T10:27:09","slug":"welche-mail-verteiler-gibt-es-2","status":"publish","type":"faqs","link":"https:\/\/vskultur.de\/en\/faqs\/welche-mail-verteiler-gibt-es-2\/","title":{"rendered":"What mailing lists are there?"},"content":{"rendered":"<p><em>Bei uns gibt es f\u00fcr jedes Team einen E-Mail-Verteiler. Hier eine kurze Auflistung:<\/em><\/p>\n\n\n\n<p><a href=\"mailto:projekt@vskultur.de\"><em>projekt@vskultur.de<\/em><\/a><em> -> Hiermit erreichst du das Projekt-Team. Wenn du Fragen zu deiner Mitgliedschaft hast oder eine Projektberatung buchen m\u00f6chtest, sind Sie die richtigen Ansprechpartner*innen.<\/em><\/p>\n\n\n\n<p><a href=\"mailto:Event@vskultur.de\"><em>Event@vskultur.de<\/em><\/a><em> -> Hiermit erreichst du das Event-Team. Wenn du Fragen zu kommenden Events hast oder daran teilnehmen m\u00f6chtest mit deinem Projekt, sind Sie die richtigen Ansprechpartner*innen.<\/em><\/p>\n\n\n\n<p><a href=\"mailto:creativehub@vskultur.de\"><em>creativehub@vskultur.de<\/em><\/a><em> -> Hiermit erreichst du das Creative HUB-Team. Wenn du Fragen zum HUB hast oder andere Anliegen, die den HUB betreffen hast, sind Sie die richtigen Ansprechpartner*innen.<\/em><\/p>\n\n\n\n<p><a href=\"mailto:creativespaces@vskultur.de\"><em>creativespaces@vskultur.de<\/em><\/a><em> -> Hiermit erreichst du das Creative Spaces-Team. Wenn du Fragen zu den Spaces hast, ein Format darin umsetzen m\u00f6chtest oder ein anderes Anliegen dazu hast, sind Sie die richtigen Ansprechpartner*innen.<\/em><\/p>\n\n\n\n<p><a href=\"mailto:buchung@vskultur.de\"><em>buchung@vskultur.de<\/em><\/a><em> -> Hiermit erreichst du das Buchungs-Team. Wenn du Fragen zur Raumbuchung hast, du mit unserem Buchungsportal Anny Schwierigkeiten hast oder ein anderes Anliegen im Bereich der Buchungen der R\u00e4umlichkeiten hast, sind Sie die richtigen Ansprechpartner*innen.<\/em><\/p>\n\n\n\n<p><a href=\"mailto:foerderung@vskultur.de\"><em>foerderung@vskultur.de<\/em><\/a><em> -> Hiermit erreichst du das F\u00f6rderungs-Team. Wenn du Fragen zu F\u00f6rderungen oder Mittelbeschaffung hast, sind Sie die richtigen Ansprechpartner*innen.<\/em><\/p>\n\n\n\n<p><a href=\"mailto:media@vskultur.de\"><em>media@vskultur.de<\/em><\/a><em> -> Hiermit erreichst du das Media-Team. Wenn du Fragen zu dem Newsletter, den Blogbeitr\u00e4gen und der Website hast, sind Sie die richtigen Ansprechpartner*innen.<\/em><\/p>\n\n\n\n<p><em>For practical questions or if you prefer to ask your questions face-to-face, you can also come to the open media consultation hour on the last Wednesday of every month from 2-4pm!<\/em><\/p>","protected":false},"excerpt":{"rendered":"<p>Wir unterscheiden zwischen Projekt- und F\u00f6rdermitgliedschaft. Die F\u00f6rdermitgliedschaft ist frei zu w\u00e4hlen und hat keine Kostenanhaltspunkte. Um die Projektmitgliedschaft fair zu gestalten, orientieren wir uns auf die Projekte Phase (1 bis 3). <\/p>\n<p>Wir empfehlen f\u00fcr die Projektphase 1 einen Mitgliedschaftsbeitrag von 20 EUR, f\u00fcr die Projektphase 2 sind es 30 EUR und in der dritten Projektphase 50 EUR im Monat. Dabei muss man beachten, dass wir gemeinn\u00fctzige, non-commercial, SOLO-Selbstst\u00e4ndige, Sch\u00fcler*innen, Studierende und Senioren einen Rabatt von 50 % auf die Mitgliedschaft angeben.<\/p>","protected":false},"template":"","class_list":["post-4195","faqs","type-faqs","status-publish","hentry"],"acf":[],"_links":{"self":[{"href":"https:\/\/vskultur.de\/en\/wp-json\/wp\/v2\/faqs\/4195","targetHints":{"allow":["GET"]}}],"collection":[{"href":"https:\/\/vskultur.de\/en\/wp-json\/wp\/v2\/faqs"}],"about":[{"href":"https:\/\/vskultur.de\/en\/wp-json\/wp\/v2\/types\/faqs"}],"wp:attachment":[{"href":"https:\/\/vskultur.de\/en\/wp-json\/wp\/v2\/media?parent=4195"}],"curies":[{"name":"wp","href":"https:\/\/api.w.org\/{rel}","templated":true}]}}

<p><em>Bei uns gibt es für jedes Team einen E-Mail-Verteiler. Hier eine kurze Auflistung:</em></p>



<p><a href="mailto:projekt@vskultur.de"><em>projekt@vskultur.de</em></a><em> -> Hiermit erreichst du das Projekt-Team. Wenn du Fragen zu deiner Mitgliedschaft hast oder eine Projektberatung buchen möchtest, sind Sie die richtigen Ansprechpartner*innen.</em></p>



<p><a href="mailto:Event@vskultur.de"><em>Event@vskultur.de</em></a><em> -> Hiermit erreichst du das Event-Team. Wenn du Fragen zu kommenden Events hast oder daran teilnehmen möchtest mit deinem Projekt, sind Sie die richtigen Ansprechpartner*innen.</em></p>



<p><a href="mailto:creativehub@vskultur.de"><em>creativehub@vskultur.de</em></a><em> -> Hiermit erreichst du das Creative HUB-Team. Wenn du Fragen zum HUB hast oder andere Anliegen, die den HUB betreffen hast, sind Sie die richtigen Ansprechpartner*innen.</em></p>



<p><a href="mailto:creativespaces@vskultur.de"><em>creativespaces@vskultur.de</em></a><em> -> Hiermit erreichst du das Creative Spaces-Team. Wenn du Fragen zu den Spaces hast, ein Format darin umsetzen möchtest oder ein anderes Anliegen dazu hast, sind Sie die richtigen Ansprechpartner*innen.</em></p>



<p><a href="mailto:buchung@vskultur.de"><em>buchung@vskultur.de</em></a><em> -> Hiermit erreichst du das Buchungs-Team. Wenn du Fragen zur Raumbuchung hast, du mit unserem Buchungsportal Anny Schwierigkeiten hast oder ein anderes Anliegen im Bereich der Buchungen der Räumlichkeiten hast, sind Sie die richtigen Ansprechpartner*innen.</em></p>



<p><a href="mailto:foerderung@vskultur.de"><em>foerderung@vskultur.de</em></a><em> -> Hiermit erreichst du das Förderungs-Team. Wenn du Fragen zu Förderungen oder Mittelbeschaffung hast, sind Sie die richtigen Ansprechpartner*innen.</em></p>



<p><a href="mailto:media@vskultur.de"><em>media@vskultur.de</em></a><em> -> Hiermit erreichst du das Media-Team. Wenn du Fragen zu dem Newsletter, den Blogbeiträgen und der Website hast, sind Sie die richtigen Ansprechpartner*innen.</em></p>



<p><em>For practical questions or if you prefer to ask your questions face-to-face, you can also come to the open media consultation hour on the last Wednesday of every month from 2-4pm!</em></p>

<p>Wir unterscheiden zwischen Projekt- und Fördermitgliedschaft. Die Fördermitgliedschaft ist frei zu wählen und hat keine Kostenanhaltspunkte. Um die Projektmitgliedschaft fair zu gestalten, orientieren wir uns auf die Projekte Phase (1 bis 3). </p>
<p>Wir empfehlen für die Projektphase 1 einen Mitgliedschaftsbeitrag von 20 EUR, für die Projektphase 2 sind es 30 EUR und in der dritten Projektphase 50 EUR im Monat. Dabei muss man beachten, dass wir gemeinnützige, non-commercial, SOLO-Selbstständige, Schüler*innen, Studierende und Senioren einen Rabatt von 50 % auf die Mitgliedschaft angeben.</p>
