{"id":4389,"date":"2025-08-29T11:24:42","date_gmt":"2025-08-29T09:24:42","guid":{"rendered":"https:\/\/vskultur.de\/events\/knowledge-snack-b2b-vs-b2c\/"},"modified":"2025-09-26T16:10:59","modified_gmt":"2025-09-26T14:10:59","slug":"knowledge-snack-b2b-vs-b2c","status":"publish","type":"events","link":"https:\/\/vskultur.de\/en\/events\/knowledge-snack-b2b-vs-b2c\/","title":{"rendered":"Knowledge Snack: B2B vs. B2C"},"content":{"rendered":"<p>B2B? B2C? - Sounds complicated? Don't worry, we'll bring light into the darkness! In this short, practical input, you will find out how business-to-business and business-to-consumer differ, where the biggest levers lie and how you can also utilise opportunities in the B2B sector as a B2C-oriented founder. Comprehensible and compact.<\/p>\n\n\n\n<p>11.09.25, 14:00 - 15:00 -&gt; Online <\/p>\n\n\n\n<p><a href=\"https:\/\/www.eventbrite.de\/e\/1632784104209?aff=oddtdtcreator\">Register here!<\/a><\/p>","protected":false},"excerpt":{"rendered":"<p>B2B? B2C? - klingt kompliziert? Keine Sorge, wir bringen Licht ins Dunkel! In diesem kurzen, praxisnahen Input erf\u00e4hrst du, wie sich Business-to-Business und Business-to-Consumer unterscheiden, wo die gr\u00f6\u00dften Hebel liegen und wie du als B2C-orientierter Gr\u00fcnderin auch Chancen im B2B-Bereich nutzen kannst. Verst\u00e4ndlich und kompakt.\u200b 11.09.25\u200b, 14:00 \u2013 15:00Uhr -> Online Anmeldung hier!<\/p>","protected":false},"featured_media":3898,"parent":0,"template":"","event_kategorien":[37],"class_list":["post-4389","events","type-events","status-publish","has-post-thumbnail","hentry","event_kategorien-vergangene-veranstaltungen"],"acf":[],"_links":{"self":[{"href":"https:\/\/vskultur.de\/en\/wp-json\/wp\/v2\/events\/4389","targetHints":{"allow":["GET"]}}],"collection":[{"href":"https:\/\/vskultur.de\/en\/wp-json\/wp\/v2\/events"}],"about":[{"href":"https:\/\/vskultur.de\/en\/wp-json\/wp\/v2\/types\/events"}],"wp:featuredmedia":[{"embeddable":true,"href":"https:\/\/vskultur.de\/en\/wp-json\/wp\/v2\/media\/3898"}],"wp:attachment":[{"href":"https:\/\/vskultur.de\/en\/wp-json\/wp\/v2\/media?parent=4389"}],"wp:term":[{"taxonomy":"event_kategorien","embeddable":true,"href":"https:\/\/vskultur.de\/en\/wp-json\/wp\/v2\/event_kategorien?post=4389"}],"curies":[{"name":"wp","href":"https:\/\/api.w.org\/{rel}","templated":true}]}}

<p>B2B? B2C? - klingt kompliziert? Keine Sorge, wir bringen Licht ins Dunkel! In diesem kurzen, praxisnahen Input erfährst du, wie sich Business-to-Business und Business-to-Consumer unterscheiden, wo die größten Hebel liegen und wie du als B2C-orientierter Gründerin auch Chancen im B2B-Bereich nutzen kannst. Verständlich und kompakt.​ 11.09.25​, 14:00 – 15:00Uhr -> Online Anmeldung hier!</p>
