{"id":4152,"date":"2025-08-15T14:09:06","date_gmt":"2025-08-15T12:09:06","guid":{"rendered":"https:\/\/vskultur.de\/?post_type=events&#038;p=4152"},"modified":"2025-09-26T15:42:30","modified_gmt":"2025-09-26T13:42:30","slug":"klimakat-kunst-trifft-klimaschutz-in-kattenturm-2","status":"publish","type":"events","link":"https:\/\/vskultur.de\/en\/events\/klimakat-kunst-trifft-klimaschutz-in-kattenturm-2\/","title":{"rendered":"KlimaKAT \u2013 Kunst trifft Klimaschutz in Kattenturm"},"content":{"rendered":"<p>Im September startet unser neues Projekt\u00a0<strong>\u201eKlimaKAT\u201c<\/strong>: Gemeinsam mit lokalen K\u00fcnstler<em>*<\/em>innen<em>, <\/em>Kindern<em>, <\/em>Jugendlichen<em>, <\/em>Senior*innen und Kooperationspartnern gestalten wir eine Fassade in Kattenturm neu \u2013 kreativ, klimafreundlich und gemeinsam mit dem Stadtteil!<\/p>\n\n\n\n<p>On <strong>10.09. (15\u201318 Uhr)<\/strong> and <strong>17.09. (11\u201314 Uhr)<\/strong> laden wir zu zwei \u00f6ffentlichen Projekttagen mit Mitmachaktionen, Umweltbildung und Austausch ein. Kommt vorbei, gestaltet mit und macht Kattenturm bunter und zukunftsf\u00e4higer!<\/p>\n\n\n\n<div style=\"height:40px\" aria-hidden=\"true\" class=\"wp-block-spacer\"><\/div>\n\n\n\n<p>Background: <\/p>\n\n\n\n<p>Gemeinsam mit erfahrenen K\u00fcnstler*innen aus der Visionskultur-Community entsteht ein gro\u00dfformatiges Wandbild an einer sanierungsbed\u00fcrftigen Hausfassade in Kattenturm. Dieses Kunstwerk wird nicht nur gestalterisch, sondern auch thematisch zum Impulsgeber: Die Motive greifen zentrale Themen der Klimakampagne Kattenturms auf \u2013 von nachhaltigem Konsum \u00fcber Energieverbrauch bis hin zu zukunftsorientierten Berufsfeldern.<\/p>\n\n\n\n<p>Ziel ist es, durch kreative Beteiligung und interaktive Formate die Themen Umweltschutz, Ressourcennutzung und nachhaltiges Leben mitten im Quartier zu verankern.<\/p>","protected":false},"excerpt":{"rendered":"<p>Im September startet unser neues Projekt\u00a0\u201eKlimaKAT\u201c: Gemeinsam mit lokalen K\u00fcnstler*innen, Kindern, Jugendlichen, Senior*innen und Kooperationspartnern gestalten wir eine Fassade in Kattenturm neu \u2013 kreativ, klimafreundlich und gemeinsam mit dem Stadtteil! Am 10.09. (15\u201318 Uhr) und 17.09. (11\u201314 Uhr) laden wir zu zwei \u00f6ffentlichen Projekttagen mit Mitmachaktionen, Umweltbildung und Austausch ein. Kommt vorbei, gestaltet mit und [&hellip;]<\/p>","protected":false},"featured_media":4153,"parent":0,"template":"","event_kategorien":[37],"class_list":["post-4152","events","type-events","status-publish","has-post-thumbnail","hentry","event_kategorien-vergangene-veranstaltungen"],"acf":[],"_links":{"self":[{"href":"https:\/\/vskultur.de\/en\/wp-json\/wp\/v2\/events\/4152","targetHints":{"allow":["GET"]}}],"collection":[{"href":"https:\/\/vskultur.de\/en\/wp-json\/wp\/v2\/events"}],"about":[{"href":"https:\/\/vskultur.de\/en\/wp-json\/wp\/v2\/types\/events"}],"wp:featuredmedia":[{"embeddable":true,"href":"https:\/\/vskultur.de\/en\/wp-json\/wp\/v2\/media\/4153"}],"wp:attachment":[{"href":"https:\/\/vskultur.de\/en\/wp-json\/wp\/v2\/media?parent=4152"}],"wp:term":[{"taxonomy":"event_kategorien","embeddable":true,"href":"https:\/\/vskultur.de\/en\/wp-json\/wp\/v2\/event_kategorien?post=4152"}],"curies":[{"name":"wp","href":"https:\/\/api.w.org\/{rel}","templated":true}]}}

<p>Im September startet unser neues Projekt <strong>„KlimaKAT“</strong>: Gemeinsam mit lokalen Künstler<em>*</em>innen<em>, </em>Kindern<em>, </em>Jugendlichen<em>, </em>Senior*innen und Kooperationspartnern gestalten wir eine Fassade in Kattenturm neu – kreativ, klimafreundlich und gemeinsam mit dem Stadtteil!</p>



<p>On <strong>10.09. (15–18 Uhr)</strong> and <strong>17.09. (11–14 Uhr)</strong> laden wir zu zwei öffentlichen Projekttagen mit Mitmachaktionen, Umweltbildung und Austausch ein. Kommt vorbei, gestaltet mit und macht Kattenturm bunter und zukunftsfähiger!</p>



<div style="height:40px" aria-hidden="true" class="wp-block-spacer"></div>



<p>Background: </p>



<p>Gemeinsam mit erfahrenen Künstler*innen aus der Visionskultur-Community entsteht ein großformatiges Wandbild an einer sanierungsbedürftigen Hausfassade in Kattenturm. Dieses Kunstwerk wird nicht nur gestalterisch, sondern auch thematisch zum Impulsgeber: Die Motive greifen zentrale Themen der Klimakampagne Kattenturms auf – von nachhaltigem Konsum über Energieverbrauch bis hin zu zukunftsorientierten Berufsfeldern.</p>



<p>Ziel ist es, durch kreative Beteiligung und interaktive Formate die Themen Umweltschutz, Ressourcennutzung und nachhaltiges Leben mitten im Quartier zu verankern.</p>

<p>Im September startet unser neues Projekt „KlimaKAT“: Gemeinsam mit lokalen Künstler*innen, Kindern, Jugendlichen, Senior*innen und Kooperationspartnern gestalten wir eine Fassade in Kattenturm neu – kreativ, klimafreundlich und gemeinsam mit dem Stadtteil! Am 10.09. (15–18 Uhr) und 17.09. (11–14 Uhr) laden wir zu zwei öffentlichen Projekttagen mit Mitmachaktionen, Umweltbildung und Austausch ein. Kommt vorbei, gestaltet mit und [&hellip;]</p>
