{"id":3772,"date":"2025-01-16T10:36:42","date_gmt":"2025-01-16T09:36:42","guid":{"rendered":"https:\/\/vskultur.de\/?post_type=events&#038;p=3772"},"modified":"2025-09-26T15:13:39","modified_gmt":"2025-09-26T13:13:39","slug":"knowledge-snack-selbstfuehrung-resilienz","status":"publish","type":"events","link":"https:\/\/vskultur.de\/en\/events\/knowledge-snack-selbstfuehrung-resilienz\/","title":{"rendered":"Knowledge Snack: Selbstf\u00fchrung &#038; Resilienz"},"content":{"rendered":"<p>St\u00e4rke deine pers\u00f6nliche Resilienz und Selbstf\u00fchrung! In unserem \"Knowledge Snack\" bekommst du wertvolle Impulse, wie du deine innere St\u00e4rke entwickelst und in anspruchsvollen Situationen einen k\u00fchlen Kopf bewahrst. Erfahre von Experten, welche Techniken dir helfen, deine Motivation aufrechtzuerhalten und deine Ziele trotz Herausforderungen zu erreichen. Nutze den Austausch mit Gleichgesinnten, um deine eigenen Strategien weiterzuentwickeln!<\/p>\n\n\n\n<p><a href=\"https:\/\/www.eventbrite.de\/e\/knowledge-snack-selbstfuhrung-und-resilienz-tickets-1205679191919?aff=oddtdtcreator\">Anmeldelink<\/a><\/p>\n\n\n\n<p><strong>Dieser Workshop findet online statt!<\/strong><\/p>","protected":false},"excerpt":{"rendered":"<p>St\u00e4rke deine pers\u00f6nliche Resilienz und Selbstf\u00fchrung! In unserem \"Knowledge Snack\" bekommst du wertvolle Impulse, wie du deine innere St\u00e4rke entwickelst und in anspruchsvollen Situationen einen k\u00fchlen Kopf bewahrst. Erfahre von Experten, welche Techniken dir helfen, deine Motivation aufrechtzuerhalten und deine Ziele trotz Herausforderungen zu erreichen. Nutze den Austausch mit Gleichgesinnten, um deine eigenen Strategien weiterzuentwickeln! [&hellip;]<\/p>","protected":false},"featured_media":3755,"parent":0,"template":"","event_kategorien":[37],"class_list":["post-3772","events","type-events","status-publish","has-post-thumbnail","hentry","event_kategorien-vergangene-veranstaltungen"],"acf":[],"_links":{"self":[{"href":"https:\/\/vskultur.de\/en\/wp-json\/wp\/v2\/events\/3772","targetHints":{"allow":["GET"]}}],"collection":[{"href":"https:\/\/vskultur.de\/en\/wp-json\/wp\/v2\/events"}],"about":[{"href":"https:\/\/vskultur.de\/en\/wp-json\/wp\/v2\/types\/events"}],"wp:featuredmedia":[{"embeddable":true,"href":"https:\/\/vskultur.de\/en\/wp-json\/wp\/v2\/media\/3755"}],"wp:attachment":[{"href":"https:\/\/vskultur.de\/en\/wp-json\/wp\/v2\/media?parent=3772"}],"wp:term":[{"taxonomy":"event_kategorien","embeddable":true,"href":"https:\/\/vskultur.de\/en\/wp-json\/wp\/v2\/event_kategorien?post=3772"}],"curies":[{"name":"wp","href":"https:\/\/api.w.org\/{rel}","templated":true}]}}

Knowledge Snack: Selbstführung &#038; Resilienz

<p>Stärke deine persönliche Resilienz und Selbstführung! In unserem "Knowledge Snack" bekommst du wertvolle Impulse, wie du deine innere Stärke entwickelst und in anspruchsvollen Situationen einen kühlen Kopf bewahrst. Erfahre von Experten, welche Techniken dir helfen, deine Motivation aufrechtzuerhalten und deine Ziele trotz Herausforderungen zu erreichen. Nutze den Austausch mit Gleichgesinnten, um deine eigenen Strategien weiterzuentwickeln!</p>



<p><a href="https://www.eventbrite.de/e/knowledge-snack-selbstfuhrung-und-resilienz-tickets-1205679191919?aff=oddtdtcreator">Anmeldelink</a></p>



<p><strong>Dieser Workshop findet online statt!</strong></p>

<p>Stärke deine persönliche Resilienz und Selbstführung! In unserem "Knowledge Snack" bekommst du wertvolle Impulse, wie du deine innere Stärke entwickelst und in anspruchsvollen Situationen einen kühlen Kopf bewahrst. Erfahre von Experten, welche Techniken dir helfen, deine Motivation aufrechtzuerhalten und deine Ziele trotz Herausforderungen zu erreichen. Nutze den Austausch mit Gleichgesinnten, um deine eigenen Strategien weiterzuentwickeln! [&hellip;]</p>
