{"id":3760,"date":"2025-01-16T09:43:15","date_gmt":"2025-01-16T08:43:15","guid":{"rendered":"https:\/\/vskultur.de\/?post_type=events&#038;p=3760"},"modified":"2025-09-26T15:13:37","modified_gmt":"2025-09-26T13:13:37","slug":"salon-kunst-wissenschaft","status":"publish","type":"events","link":"https:\/\/vskultur.de\/en\/events\/salon-kunst-wissenschaft\/","title":{"rendered":"Salon \"Kunst &#038; Wissenschaft\""},"content":{"rendered":"<p><strong>am 13.02.2025, 18 Uhr<\/strong><br>ACHTUNG, abweichender Veranstaltungsort: Der Salon findet statt im Stiftungshaus Bremen, B\u00fcrgermeister-Smidt-Stra\u00dfe 78, 28195 Bremen<\/p>\n\n\n\n<blockquote class=\"wp-block-quote is-layout-flow wp-block-quote-is-layout-flow\">\n<p>Der Salon findet in den R\u00e4umen der Ausstellung \"<a href=\"https:\/\/phototio.org\/2024\/04\/24\/ausstellung-virus-x-mensch-im-stiftungshaus-bremen-22-11-2024-28-02-2025\/\">Virus x Mensch<\/a>\" statt und wir tauschen uns \u00fcber Verbindungen zwischen Wissenschaft und Kunst in Geometrie, Architektur, Bionik und mehr aus. Die Ausstellung ist ein Kooperationsprojekt zwischen Visionkultur Bremen und dem Stiftungshaus Bremen.<br><a href=\"https:\/\/phototio.org\/2024\/04\/19\/vorschau-salon-kunst-wissenschaft-am-13-02-2024\/\">Mehr erfahren<\/a><\/p>\n<\/blockquote>","protected":false},"excerpt":{"rendered":"<p>am 13.02.2025, 18 UhrACHTUNG, abweichender Veranstaltungsort: Der Salon findet statt im Stiftungshaus Bremen, B\u00fcrgermeister-Smidt-Stra\u00dfe 78, 28195 Bremen Der Salon findet in den R\u00e4umen der Ausstellung \"Virus x Mensch\" statt und wir tauschen uns \u00fcber Verbindungen zwischen Wissenschaft und Kunst in Geometrie, Architektur, Bionik und mehr aus. Die Ausstellung ist ein Kooperationsprojekt zwischen Visionkultur Bremen und [&hellip;]<\/p>","protected":false},"featured_media":3761,"parent":0,"template":"","event_kategorien":[37],"class_list":["post-3760","events","type-events","status-publish","has-post-thumbnail","hentry","event_kategorien-vergangene-veranstaltungen"],"acf":[],"_links":{"self":[{"href":"https:\/\/vskultur.de\/en\/wp-json\/wp\/v2\/events\/3760","targetHints":{"allow":["GET"]}}],"collection":[{"href":"https:\/\/vskultur.de\/en\/wp-json\/wp\/v2\/events"}],"about":[{"href":"https:\/\/vskultur.de\/en\/wp-json\/wp\/v2\/types\/events"}],"wp:featuredmedia":[{"embeddable":true,"href":"https:\/\/vskultur.de\/en\/wp-json\/wp\/v2\/media\/3761"}],"wp:attachment":[{"href":"https:\/\/vskultur.de\/en\/wp-json\/wp\/v2\/media?parent=3760"}],"wp:term":[{"taxonomy":"event_kategorien","embeddable":true,"href":"https:\/\/vskultur.de\/en\/wp-json\/wp\/v2\/event_kategorien?post=3760"}],"curies":[{"name":"wp","href":"https:\/\/api.w.org\/{rel}","templated":true}]}}

<p><strong>am 13.02.2025, 18 Uhr</strong><br>ACHTUNG, abweichender Veranstaltungsort: Der Salon findet statt im Stiftungshaus Bremen, Bürgermeister-Smidt-Straße 78, 28195 Bremen</p>



<blockquote class="wp-block-quote is-layout-flow wp-block-quote-is-layout-flow">
<p>Der Salon findet in den Räumen der Ausstellung "<a href="https://phototio.org/2024/04/24/ausstellung-virus-x-mensch-im-stiftungshaus-bremen-22-11-2024-28-02-2025/">Virus x Mensch</a>" statt und wir tauschen uns über Verbindungen zwischen Wissenschaft und Kunst in Geometrie, Architektur, Bionik und mehr aus. Die Ausstellung ist ein Kooperationsprojekt zwischen Visionkultur Bremen und dem Stiftungshaus Bremen.<br><a href="https://phototio.org/2024/04/19/vorschau-salon-kunst-wissenschaft-am-13-02-2024/">Mehr erfahren</a></p>
</blockquote>

<p>am 13.02.2025, 18 UhrACHTUNG, abweichender Veranstaltungsort: Der Salon findet statt im Stiftungshaus Bremen, Bürgermeister-Smidt-Straße 78, 28195 Bremen Der Salon findet in den Räumen der Ausstellung "Virus x Mensch" statt und wir tauschen uns über Verbindungen zwischen Wissenschaft und Kunst in Geometrie, Architektur, Bionik und mehr aus. Die Ausstellung ist ein Kooperationsprojekt zwischen Visionkultur Bremen und [&hellip;]</p>
