{"id":3744,"date":"2024-12-30T17:58:48","date_gmt":"2024-12-30T16:58:48","guid":{"rendered":"https:\/\/vskultur.de\/?post_type=events&#038;p=3744"},"modified":"2025-09-26T15:13:36","modified_gmt":"2025-09-26T13:13:36","slug":"open-call-ausschreibung-zur-ausstellung-zwischenraeume","status":"publish","type":"events","link":"https:\/\/vskultur.de\/en\/events\/open-call-ausschreibung-zur-ausstellung-zwischenraeume\/","title":{"rendered":"Open Call: Call for proposals for the exhibition \"Zwischenr\u00e4ume\""},"content":{"rendered":"<blockquote class=\"wp-block-quote is-layout-flow wp-block-quote-is-layout-flow\">\n<p><strong>Exhibition at the Creative Hub Bremen<\/strong><\/p>\n\n\n\n<p>In keeping with the situation before the Creative Hub's next move - not quite here and not quite gone - we are showing (still at Friedrich-Karl-Str. 54 in Bremen) an exhibition of the uncertain, the processual and the elusive...<\/p>\n\n\n\n<p>Artists from Bremen and the surrounding area can submit up to 3 works from the fields of painting, drawing, photography, print, mixed media, installation, performance or similar.<\/p>\n\n\n\n<p>We are looking for works that address in-between spaces literally (i.e. spatially), temporally, organisationally and\/or in thought. Themes such as the undecided, the indeterminate or the blurred are also welcome.<\/p>\n\n\n\n<p><strong><a href=\"https:\/\/phototio.org\/portfolio\/bewerbung-zur-ausstellungsteilnahme\/\">Apply now<\/a><\/strong><\/p>\n\n\n\n<p>\"Creativity does not come from a thought, but from the space between two thoughts.\" (Elmar Schenkel: \"Call from the Cretaceous Period\")<\/p>\n\n\n\n<p>Opening: 18.01.25, 6 pm<br>Exhibition: 18.01. - 13.03.2025<\/p>\n<\/blockquote>","protected":false},"excerpt":{"rendered":"<p>Ausstellung im Creative Hub Bremen Passend zur Situation vor dem n\u00e4chsten Umzug des Creative Hub - schon nicht mehr ganz da und noch nicht ganz weg - zeigen wir (noch in der Friedrich-Karl-Str. 54 in Bremen) eine Ausstellung des Ungewissen, Prozesshaften und Schwer-zu-Fassenden\u2026 K\u00fcnstlerinnen und K\u00fcnstler aus Bremen und Umgebung k\u00f6nnen bis zu 3 Werke [&hellip;]<\/p>","protected":false},"featured_media":3745,"parent":0,"template":"","event_kategorien":[37],"class_list":["post-3744","events","type-events","status-publish","has-post-thumbnail","hentry","event_kategorien-vergangene-veranstaltungen"],"acf":[],"_links":{"self":[{"href":"https:\/\/vskultur.de\/en\/wp-json\/wp\/v2\/events\/3744","targetHints":{"allow":["GET"]}}],"collection":[{"href":"https:\/\/vskultur.de\/en\/wp-json\/wp\/v2\/events"}],"about":[{"href":"https:\/\/vskultur.de\/en\/wp-json\/wp\/v2\/types\/events"}],"wp:featuredmedia":[{"embeddable":true,"href":"https:\/\/vskultur.de\/en\/wp-json\/wp\/v2\/media\/3745"}],"wp:attachment":[{"href":"https:\/\/vskultur.de\/en\/wp-json\/wp\/v2\/media?parent=3744"}],"wp:term":[{"taxonomy":"event_kategorien","embeddable":true,"href":"https:\/\/vskultur.de\/en\/wp-json\/wp\/v2\/event_kategorien?post=3744"}],"curies":[{"name":"wp","href":"https:\/\/api.w.org\/{rel}","templated":true}]}}

Open Call: Call for proposals for the exhibition "Zwischenräume"

<p>Ausstellung im Creative Hub Bremen Passend zur Situation vor dem nächsten Umzug des Creative Hub - schon nicht mehr ganz da und noch nicht ganz weg - zeigen wir (noch in der Friedrich-Karl-Str. 54 in Bremen) eine Ausstellung des Ungewissen, Prozesshaften und Schwer-zu-Fassenden… Künstlerinnen und Künstler aus Bremen und Umgebung können bis zu 3 Werke [&hellip;]</p>
