{"id":3347,"date":"2024-05-03T14:15:37","date_gmt":"2024-05-03T12:15:37","guid":{"rendered":"https:\/\/vskultur.de\/?post_type=events&#038;p=3347"},"modified":"2025-09-26T15:13:28","modified_gmt":"2025-09-26T13:13:28","slug":"raumfoerderung-im-creative-hub-das-erste-og-oeffnet-die-tueren","status":"publish","type":"events","link":"https:\/\/vskultur.de\/en\/events\/raumfoerderung-im-creative-hub-das-erste-og-oeffnet-die-tueren\/","title":{"rendered":"Raumf\u00f6rderung im Creative HUB - Das erste OG \u00f6ffnet die T\u00fcren"},"content":{"rendered":"<p>Im M\u00e4rz 2024 startete die neue Phase der Raumf\u00f6rderung im Creative Hub. Circa 40 neue Gr\u00fcndungsvorhaben und Startups erhalten so einen festen, komplett gef\u00f6rderten Raum und intensives Unterst\u00fctzungsprogramm mit Coaching, Workshops und Events.\u00a0<\/p>\n\n\n\n<p><strong>Am\u00a0Donnerstag, den 16. Mai 2024 ab 16Uhr\u00a0<\/strong>sollen die umgestalteten Projektr\u00e4ume zum ersten Mal der interessierten Gr\u00fcnderszene, sowie der \u00d6ffentlichkeit pr\u00e4sentiert werden. Die Gewinner: innen der Raumf\u00f6rderung werden ihre T\u00fcren \u00f6ffnen und einladen \u2013 zu offenen Workshops, oder Go&Sees. Zwei F\u00fchrungen sollen Besuchende und G\u00e4ste hierzu durch die erste Etage des Hubs f\u00fchren. Im Anschluss treffen sich Projekte, Besuchende und Verantwortliche von Visionskultur im Caf\u00e9 und Garten des Creative Hubs, um den Nachmittag bei Musik, Snacks & Getr\u00e4nken ausklingen zu lassen. Wir sind gespannt und freuen uns\u00a0auf einen tollen Nachmittag voll regem Austausch und dem einen, oder anderen \u201eWow\u201c-Moment.<\/p>\n\n\n\n<p><strong>Background:<\/strong>\u00a0Visionskultur legt mit dem Creative Hub Bremen einen Schwerpunkt auf gezielte F\u00f6rderung von Projekten, Gr\u00fcndungsvorhaben und Start-Ups. Mit konzeptioneller und bedarfsgerechter Unterst\u00fctzung bei der Vernetzung, Projektbegleitung, Coachings, Workshops, Vermittlung und Events zur F\u00f6rderung der \u00f6ffentlichen Wahrnehmung begleitet Visionskultur alle Projekte im Creative Hub Bremen inhaltlich und bedarfsorientiert. Die Idee: jungen Projekten, Menschen mit Ideen und Start-Ups nicht nur mietfreie R\u00e4umlichkeiten zu bieten, sondern sie aktiv in ihrer Entwicklung zu unterst\u00fctzen. Neben der gezielten F\u00f6rderung von Projekten und Ideen, soll der Creative Hub Bremen eine Basis zu Entwicklung einer Wissens- und Transfercommunity schaffen, die den Bremer Innovationsstandort weiterentwickelt. Gemeinsam mit der GEWOBA und der Senatorin f\u00fcr Wirtschaft, H\u00e4fen und Transformation sowie Kooperationspartnern aus Wissenschaft, Wirtschaft, Sozialwirtschaft und Verwaltung will Visionskultur den Creative Hub Bremen zum regionalen Zentrum zur Innovationsf\u00f6rderung entwickeln. Ziel ist es, bestehende Angebote und Schnittstellen mit neuen Ideen zusammenzubringen und einen Mehrwert f\u00fcr Kreative, Projekte, Selbstst\u00e4ndige und den Standort Bremen zu schaffen.\u00a0<\/p>\n\n\n\n<p><strong>Wir freuen uns \u00fcber viele Besuchende am 16.Mai ab 16Uhr und hei\u00dfen euch herzlich willkommen im HUB!<\/strong><\/p>","protected":false},"excerpt":{"rendered":"<p>Im M\u00e4rz 2024 startete die neue Phase der Raumf\u00f6rderung im Creative Hub. Circa 40 neue Gr\u00fcndungsvorhaben und Startups erhalten so einen festen, komplett gef\u00f6rderten Raum und intensives Unterst\u00fctzungsprogramm mit Coaching, Workshops und Events.\u00a0 Am\u00a0Donnerstag, den 16. Mai 2024 ab 16Uhr\u00a0sollen die umgestalteten Projektr\u00e4ume zum ersten Mal der interessierten Gr\u00fcnderszene, sowie der \u00d6ffentlichkeit pr\u00e4sentiert werden. Die [&hellip;]<\/p>","protected":false},"featured_media":3348,"parent":0,"template":"","event_kategorien":[37],"class_list":["post-3347","events","type-events","status-publish","has-post-thumbnail","hentry","event_kategorien-vergangene-veranstaltungen"],"acf":[],"_links":{"self":[{"href":"https:\/\/vskultur.de\/en\/wp-json\/wp\/v2\/events\/3347","targetHints":{"allow":["GET"]}}],"collection":[{"href":"https:\/\/vskultur.de\/en\/wp-json\/wp\/v2\/events"}],"about":[{"href":"https:\/\/vskultur.de\/en\/wp-json\/wp\/v2\/types\/events"}],"wp:featuredmedia":[{"embeddable":true,"href":"https:\/\/vskultur.de\/en\/wp-json\/wp\/v2\/media\/3348"}],"wp:attachment":[{"href":"https:\/\/vskultur.de\/en\/wp-json\/wp\/v2\/media?parent=3347"}],"wp:term":[{"taxonomy":"event_kategorien","embeddable":true,"href":"https:\/\/vskultur.de\/en\/wp-json\/wp\/v2\/event_kategorien?post=3347"}],"curies":[{"name":"wp","href":"https:\/\/api.w.org\/{rel}","templated":true}]}}

Raumförderung im Creative HUB - Das erste OG öffnet die Türen

<p>Im März 2024 startete die neue Phase der Raumförderung im Creative Hub. Circa 40 neue Gründungsvorhaben und Startups erhalten so einen festen, komplett geförderten Raum und intensives Unterstützungsprogramm mit Coaching, Workshops und Events. </p>



<p><strong>Am Donnerstag, den 16. Mai 2024 ab 16Uhr </strong>sollen die umgestalteten Projekträume zum ersten Mal der interessierten Gründerszene, sowie der Öffentlichkeit präsentiert werden. Die Gewinner: innen der Raumförderung werden ihre Türen öffnen und einladen – zu offenen Workshops, oder Go&Sees. Zwei Führungen sollen Besuchende und Gäste hierzu durch die erste Etage des Hubs führen. Im Anschluss treffen sich Projekte, Besuchende und Verantwortliche von Visionskultur im Café und Garten des Creative Hubs, um den Nachmittag bei Musik, Snacks & Getränken ausklingen zu lassen. Wir sind gespannt und freuen uns auf einen tollen Nachmittag voll regem Austausch und dem einen, oder anderen „Wow“-Moment.</p>



<p><strong>Background:</strong> Visionskultur legt mit dem Creative Hub Bremen einen Schwerpunkt auf gezielte Förderung von Projekten, Gründungsvorhaben und Start-Ups. Mit konzeptioneller und bedarfsgerechter Unterstützung bei der Vernetzung, Projektbegleitung, Coachings, Workshops, Vermittlung und Events zur Förderung der öffentlichen Wahrnehmung begleitet Visionskultur alle Projekte im Creative Hub Bremen inhaltlich und bedarfsorientiert. Die Idee: jungen Projekten, Menschen mit Ideen und Start-Ups nicht nur mietfreie Räumlichkeiten zu bieten, sondern sie aktiv in ihrer Entwicklung zu unterstützen. Neben der gezielten Förderung von Projekten und Ideen, soll der Creative Hub Bremen eine Basis zu Entwicklung einer Wissens- und Transfercommunity schaffen, die den Bremer Innovationsstandort weiterentwickelt. Gemeinsam mit der GEWOBA und der Senatorin für Wirtschaft, Häfen und Transformation sowie Kooperationspartnern aus Wissenschaft, Wirtschaft, Sozialwirtschaft und Verwaltung will Visionskultur den Creative Hub Bremen zum regionalen Zentrum zur Innovationsförderung entwickeln. Ziel ist es, bestehende Angebote und Schnittstellen mit neuen Ideen zusammenzubringen und einen Mehrwert für Kreative, Projekte, Selbstständige und den Standort Bremen zu schaffen. </p>



<p><strong>Wir freuen uns über viele Besuchende am 16.Mai ab 16Uhr und heißen euch herzlich willkommen im HUB!</strong></p>

<p>Im März 2024 startete die neue Phase der Raumförderung im Creative Hub. Circa 40 neue Gründungsvorhaben und Startups erhalten so einen festen, komplett geförderten Raum und intensives Unterstützungsprogramm mit Coaching, Workshops und Events.  Am Donnerstag, den 16. Mai 2024 ab 16Uhr sollen die umgestalteten Projekträume zum ersten Mal der interessierten Gründerszene, sowie der Öffentlichkeit präsentiert werden. Die [&hellip;]</p>
