{"id":3179,"date":"2024-02-22T10:59:28","date_gmt":"2024-02-22T09:59:28","guid":{"rendered":"https:\/\/vskultur.de\/?post_type=events&#038;p=3179"},"modified":"2025-09-26T15:13:24","modified_gmt":"2025-09-26T13:13:24","slug":"auftakt-klimapolitik-kommunal-und-vielfaeltig","status":"publish","type":"events","link":"https:\/\/vskultur.de\/en\/events\/auftakt-klimapolitik-kommunal-und-vielfaeltig\/","title":{"rendered":"Auftakt \u201eKlimapolitik \u2013 kommunal und vielf\u00e4ltig!\u201c"},"content":{"rendered":"<p>wir freuen uns \u00fcber Ihre Anmeldung zur Auftaktveranstaltung \u201eKlimapolitik \u2013 kommunal und vielf\u00e4ltig!\u201c.<br>Die Veranstaltung beginnt am 23.02.2024 um 17:00 Uhr im Caf\u00e9 des Creative Hubs in der Friedrich-Karl-Stra\u00dfe 54, 28205 Bremen statt. Das Programm startet um 17:15 Uhr. Im Anschluss an das Programm laden wir Sie ein, im Rahmen der Projektschiene \u201eVielf\u00e4ltige Netzwerke der Umwelt- & Klimapolitik\u201c mit Projektpartnern und G\u00e4sten vor Ort zu verweilen.<br><br>17:00 Uhr: Beginn der Veranstaltung<br>17:15 Uhr: Begr\u00fc\u00dfung und Vorstellung des Projekts<br>17:30 Uhr: Podiumsdiskussion \u201evielf\u00e4ltiger kommunaler Klima- und Umweltschutz\u201c<br>Moderation: Libuse Cerna (BRI)<br>G\u00e4ste: Elisabed Abralava (BBE), Scarlett Gac (BUND), Dominik Schlotter (BBE)<br>18:00 Uhr: Inputvortrag Dr. Johannes Herbeck (Universit\u00e4t Bremen)<br>18:30 Uhr: Abschluss<br>19:00 Uhr: \u201eVielf\u00e4ltige Netzwerke der Umwelt- & Klimapolitik\u201c mit Fingerfood<br>20:00 Uhr: Ende der Veranstaltung<br><\/p>\n\n\n\n<p>Das Projekt wird im Rahmen von \u201eEngagiert f\u00fcr Klimaschutz\u201c durch das \u201eBundesnetzwerk B\u00fcrgerschaftliches Engagement\u201c und die \u201eStiftung Mercator\u201c gef\u00f6rdert. \u201eVielf\u00e4ltige Netzwerke der Umwelt- & Klimapolitik\u201c wird durch die Deutsche Stiftung f\u00fcr Engagement und Ehrenamt gef\u00f6rdert.<\/p>","protected":false},"excerpt":{"rendered":"<p>wir freuen uns \u00fcber Ihre Anmeldung zur Auftaktveranstaltung \u201eKlimapolitik \u2013 kommunal und vielf\u00e4ltig!\u201c.Die Veranstaltung beginnt am 23.02.2024 um 17:00 Uhr im Caf\u00e9 des Creative Hubs in der Friedrich-Karl-Stra\u00dfe 54, 28205 Bremen statt. Das Programm startet um 17:15 Uhr. Im Anschluss an das Programm laden wir Sie ein, im Rahmen der Projektschiene \u201eVielf\u00e4ltige Netzwerke der Umwelt- [&hellip;]<\/p>","protected":false},"featured_media":3182,"parent":0,"template":"","event_kategorien":[37],"class_list":["post-3179","events","type-events","status-publish","has-post-thumbnail","hentry","event_kategorien-vergangene-veranstaltungen"],"acf":[],"_links":{"self":[{"href":"https:\/\/vskultur.de\/en\/wp-json\/wp\/v2\/events\/3179","targetHints":{"allow":["GET"]}}],"collection":[{"href":"https:\/\/vskultur.de\/en\/wp-json\/wp\/v2\/events"}],"about":[{"href":"https:\/\/vskultur.de\/en\/wp-json\/wp\/v2\/types\/events"}],"wp:featuredmedia":[{"embeddable":true,"href":"https:\/\/vskultur.de\/en\/wp-json\/wp\/v2\/media\/3182"}],"wp:attachment":[{"href":"https:\/\/vskultur.de\/en\/wp-json\/wp\/v2\/media?parent=3179"}],"wp:term":[{"taxonomy":"event_kategorien","embeddable":true,"href":"https:\/\/vskultur.de\/en\/wp-json\/wp\/v2\/event_kategorien?post=3179"}],"curies":[{"name":"wp","href":"https:\/\/api.w.org\/{rel}","templated":true}]}}

Auftakt „Klimapolitik – kommunal und vielfältig!“

<p>wir freuen uns über Ihre Anmeldung zur Auftaktveranstaltung „Klimapolitik – kommunal und vielfältig!“.<br>Die Veranstaltung beginnt am 23.02.2024 um 17:00 Uhr im Café des Creative Hubs in der Friedrich-Karl-Straße 54, 28205 Bremen statt. Das Programm startet um 17:15 Uhr. Im Anschluss an das Programm laden wir Sie ein, im Rahmen der Projektschiene „Vielfältige Netzwerke der Umwelt- & Klimapolitik“ mit Projektpartnern und Gästen vor Ort zu verweilen.<br><br>17:00 Uhr: Beginn der Veranstaltung<br>17:15 Uhr: Begrüßung und Vorstellung des Projekts<br>17:30 Uhr: Podiumsdiskussion „vielfältiger kommunaler Klima- und Umweltschutz“<br>Moderation: Libuse Cerna (BRI)<br>Gäste: Elisabed Abralava (BBE), Scarlett Gac (BUND), Dominik Schlotter (BBE)<br>18:00 Uhr: Inputvortrag Dr. Johannes Herbeck (Universität Bremen)<br>18:30 Uhr: Abschluss<br>19:00 Uhr: „Vielfältige Netzwerke der Umwelt- & Klimapolitik“ mit Fingerfood<br>20:00 Uhr: Ende der Veranstaltung<br></p>



<p>Das Projekt wird im Rahmen von „Engagiert für Klimaschutz“ durch das „Bundesnetzwerk Bürgerschaftliches Engagement“ und die „Stiftung Mercator“ gefördert. „Vielfältige Netzwerke der Umwelt- & Klimapolitik“ wird durch die Deutsche Stiftung für Engagement und Ehrenamt gefördert.</p>

<p>wir freuen uns über Ihre Anmeldung zur Auftaktveranstaltung „Klimapolitik – kommunal und vielfältig!“.Die Veranstaltung beginnt am 23.02.2024 um 17:00 Uhr im Café des Creative Hubs in der Friedrich-Karl-Straße 54, 28205 Bremen statt. Das Programm startet um 17:15 Uhr. Im Anschluss an das Programm laden wir Sie ein, im Rahmen der Projektschiene „Vielfältige Netzwerke der Umwelt- [&hellip;]</p>
