{"id":3150,"date":"2024-02-02T13:34:50","date_gmt":"2024-02-02T12:34:50","guid":{"rendered":"https:\/\/vskultur.de\/?post_type=events&#038;p=3150"},"modified":"2025-09-26T15:13:24","modified_gmt":"2025-09-26T13:13:24","slug":"kreativkapitalloserfolgreich","status":"publish","type":"events","link":"https:\/\/vskultur.de\/en\/events\/kreativkapitalloserfolgreich\/","title":{"rendered":"Innovationtalks: Kreativ &#038; Kapitallos"},"content":{"rendered":"<p>Dies ist das letzte von drei Innovationsevents im Jahr 2024 im Creative HUB!<br>Im Rahmen des Events \u201eKreativ und Kapitallos\u201c laden wir innovative Start-ups,<br>Menschen mit Ideen und Akteure aus der Bremer Wirtschaft und Verwaltung ein, um<br>neue Wege zur Gr\u00fcndung mit wenig Kapital kennenzulernen, sich auszutauschen<br>und zu vernetzen. Wir m\u00f6chten aufzeigen, wie auch mit begrenzten finanziellen<br>Mitteln erfolgreiche Unternehmen entstehen k\u00f6nnen. In vier kurzen Impulsvortr\u00e4gen<br>stellen wir kreative Ans\u00e4tze aus der Bremer Wissenschaft, Wirtschaft und<br>Gr\u00fcndungsszene vor und geben Einblicke in globale und regionale Trends.<br>Anschlie\u00dfend gibt es M\u00f6glichkeit, bei Getr\u00e4nken und Snacks zu Netzwerken.<\/p>\n\n\n\n<p><br><strong>Dazu laden wir herzlich ein am Dienstag, den 03. September um 18:00 Uhr im<br>Creative HUB! (Friedrich-Karl-Stra\u00dfe 54, 28205 Bremen)<br>Um Anmeldung wird gebeten -<a href=\"https:\/\/tinyurl.com\/2bkww3yy\" data-type=\"link\" data-id=\"https:\/\/tinyurl.com\/2bkww3yy\"> hier geht es schnell und unkompliziert \u00fcber<br>Eventbrite!<\/a><\/strong><br><\/p>\n\n\n\n<p>Supporting programme:<br>Moderation: Benny Ge Moderation (Der Nachwuchsmoderator 2023)<br>18.00 Uhr \u2013 Beginn & Er\u00f6ffnung<br>18.15 Uhr - Impulsvortrag 1 \u201eWie bekomme ich die Idee, die mir innewohnt, zum<br>Fliegen?\" \u2013 Karin Lang \u2013 Gesch\u00e4ftsf\u00fchrerin des Bremer Honig- und<br>S\u00fc\u00dfungsmittelproduzenten Sonnentracht<br>18.35 Uhr - Impulsvortrag 2 \u201eTiefschl\u00e4ge & Lichtblicke einer Handwerksgr\u00fcndung\"-<br>Anthony Kreher \u2013 Kreher Guitars<br>18.55 Uhr - Impulsvortrag 3 \u201eGr\u00fcnden ist eine Expedition!\" \u2013 Hanke Homburg \u2013<br>Gesch\u00e4ftsf\u00fchrer GfG \/ Gruppe f\u00fcr Gestaltung<br>19.15 Uhr - Impulsvortrag 4 \u201eKreative Arbeit profitabel gestalten \u2013 Chancen,<br>Herausforderungen und Erfahrungen\" \u2013 Nicole Benewaah Gehle \u2013 Nicole Benewaah<br>Photodesign<br>19.30 Uhr - Ende der Vortr\u00e4ge<br>im Anschluss: Entlassung ins offene Netzwerken<\/p>\n\n\n\n<p><br>Ansprechpartnerin f\u00fcr Presse-Fragen:<br>Josefin Czerwonka<br>+49 176 32193787<br>josefin@vskultur.de<br>Wir freuen uns auf Euch!<\/p>","protected":false},"excerpt":{"rendered":"<p>Dies ist das letzte von drei Innovationsevents im Jahr 2024 im Creative HUB!Im Rahmen des Events \u201eKreativ und Kapitallos\u201c laden wir innovative Start-ups,Menschen mit Ideen und Akteure aus der Bremer Wirtschaft und Verwaltung ein, umneue Wege zur Gr\u00fcndung mit wenig Kapital kennenzulernen, sich auszutauschenund zu vernetzen. Wir m\u00f6chten aufzeigen, wie auch mit begrenzten finanziellenMitteln erfolgreiche [&hellip;]<\/p>","protected":false},"featured_media":3151,"parent":0,"template":"","event_kategorien":[37],"class_list":["post-3150","events","type-events","status-publish","has-post-thumbnail","hentry","event_kategorien-vergangene-veranstaltungen"],"acf":[],"_links":{"self":[{"href":"https:\/\/vskultur.de\/en\/wp-json\/wp\/v2\/events\/3150","targetHints":{"allow":["GET"]}}],"collection":[{"href":"https:\/\/vskultur.de\/en\/wp-json\/wp\/v2\/events"}],"about":[{"href":"https:\/\/vskultur.de\/en\/wp-json\/wp\/v2\/types\/events"}],"wp:featuredmedia":[{"embeddable":true,"href":"https:\/\/vskultur.de\/en\/wp-json\/wp\/v2\/media\/3151"}],"wp:attachment":[{"href":"https:\/\/vskultur.de\/en\/wp-json\/wp\/v2\/media?parent=3150"}],"wp:term":[{"taxonomy":"event_kategorien","embeddable":true,"href":"https:\/\/vskultur.de\/en\/wp-json\/wp\/v2\/event_kategorien?post=3150"}],"curies":[{"name":"wp","href":"https:\/\/api.w.org\/{rel}","templated":true}]}}

<p>Dies ist das letzte von drei Innovationsevents im Jahr 2024 im Creative HUB!<br>Im Rahmen des Events „Kreativ und Kapitallos“ laden wir innovative Start-ups,<br>Menschen mit Ideen und Akteure aus der Bremer Wirtschaft und Verwaltung ein, um<br>neue Wege zur Gründung mit wenig Kapital kennenzulernen, sich auszutauschen<br>und zu vernetzen. Wir möchten aufzeigen, wie auch mit begrenzten finanziellen<br>Mitteln erfolgreiche Unternehmen entstehen können. In vier kurzen Impulsvorträgen<br>stellen wir kreative Ansätze aus der Bremer Wissenschaft, Wirtschaft und<br>Gründungsszene vor und geben Einblicke in globale und regionale Trends.<br>Anschließend gibt es Möglichkeit, bei Getränken und Snacks zu Netzwerken.</p>



<p><br><strong>Dazu laden wir herzlich ein am Dienstag, den 03. September um 18:00 Uhr im<br>Creative HUB! (Friedrich-Karl-Straße 54, 28205 Bremen)<br>Um Anmeldung wird gebeten -<a href="https://tinyurl.com/2bkww3yy" data-type="link" data-id="https://tinyurl.com/2bkww3yy"> hier geht es schnell und unkompliziert über<br>Eventbrite!</a></strong><br></p>



<p>Supporting programme:<br>Moderation: Benny Ge Moderation (Der Nachwuchsmoderator 2023)<br>18.00 Uhr – Beginn & Eröffnung<br>18.15 Uhr - Impulsvortrag 1 „Wie bekomme ich die Idee, die mir innewohnt, zum<br>Fliegen?" – Karin Lang – Geschäftsführerin des Bremer Honig- und<br>Süßungsmittelproduzenten Sonnentracht<br>18.35 Uhr - Impulsvortrag 2 „Tiefschläge & Lichtblicke einer Handwerksgründung"-<br>Anthony Kreher – Kreher Guitars<br>18.55 Uhr - Impulsvortrag 3 „Gründen ist eine Expedition!" – Hanke Homburg –<br>Geschäftsführer GfG / Gruppe für Gestaltung<br>19.15 Uhr - Impulsvortrag 4 „Kreative Arbeit profitabel gestalten – Chancen,<br>Herausforderungen und Erfahrungen" – Nicole Benewaah Gehle – Nicole Benewaah<br>Photodesign<br>19.30 Uhr - Ende der Vorträge<br>im Anschluss: Entlassung ins offene Netzwerken</p>



<p><br>Ansprechpartnerin für Presse-Fragen:<br>Josefin Czerwonka<br>+49 176 32193787<br>josefin@vskultur.de<br>Wir freuen uns auf Euch!</p>

<p>Dies ist das letzte von drei Innovationsevents im Jahr 2024 im Creative HUB!Im Rahmen des Events „Kreativ und Kapitallos“ laden wir innovative Start-ups,Menschen mit Ideen und Akteure aus der Bremer Wirtschaft und Verwaltung ein, umneue Wege zur Gründung mit wenig Kapital kennenzulernen, sich auszutauschenund zu vernetzen. Wir möchten aufzeigen, wie auch mit begrenzten finanziellenMitteln erfolgreiche [&hellip;]</p>
