{"id":3090,"date":"2023-12-28T09:53:09","date_gmt":"2023-12-28T08:53:09","guid":{"rendered":"https:\/\/vskultur.de\/?post_type=events&#038;p=3090"},"modified":"2025-09-26T15:13:09","modified_gmt":"2025-09-26T13:13:09","slug":"salon-kunst-arbeit","status":"publish","type":"events","link":"https:\/\/vskultur.de\/en\/events\/salon-kunst-arbeit\/","title":{"rendered":"Salon \"Kunst &#038; Arbeit\""},"content":{"rendered":"<p>In der Salonreihe \u201eKunst & Co.\u201c stehen jeweils Werke der bildenden Kunst und ihre aktuellen Botschaften an uns im Mittelpunkt.<br>Am 28. November 2024, 18.00 Uhr l\u00e4dt Heike Seyffarth zum Salon \u201eKunst & Nichtkunst\u201c im Creative Hub Bremen, Friedrich-Karl-Str. 54, Raum 0.048, ein.<br>Die beliebte Smalltalk-Frage \"Und was machst du so?\" zielt meist auf eine Einordnung unseres Gegen\u00fcbers im Erwerbskosmos. Im Salon schauen wir uns anhand einiger Beispielwerke an, warum, wie stark und in welche Richtung(en) sich Inhalte, Umfang und Bedeutung von Arbeit \u00fcber die Jahrhunderte immer wieder ge\u00e4ndert haben.<br>F\u00fcr die Veranstaltung sind keine Vorkenntnisse erforderlich, der Eintritt ist frei.<\/p>","protected":false},"excerpt":{"rendered":"<p>In der Salonreihe \u201eKunst &#038; Co.\u201c stehen jeweils Werke der bildenden Kunst und ihre aktuellen Botschaften an uns im Mittelpunkt.Am 28. November 2024, 18.00 Uhr l\u00e4dt Heike Seyffarth zum Salon \u201eKunst &#038; Nichtkunst\u201c im Creative Hub Bremen, Friedrich-Karl-Str. 54, Raum 0.048, ein.Die beliebte Smalltalk-Frage \"Und was machst du so?\" zielt meist auf eine Einordnung unseres [&hellip;]<\/p>","protected":false},"featured_media":4233,"parent":0,"template":"","event_kategorien":[37],"class_list":["post-3090","events","type-events","status-publish","has-post-thumbnail","hentry","event_kategorien-vergangene-veranstaltungen"],"acf":[],"_links":{"self":[{"href":"https:\/\/vskultur.de\/en\/wp-json\/wp\/v2\/events\/3090","targetHints":{"allow":["GET"]}}],"collection":[{"href":"https:\/\/vskultur.de\/en\/wp-json\/wp\/v2\/events"}],"about":[{"href":"https:\/\/vskultur.de\/en\/wp-json\/wp\/v2\/types\/events"}],"wp:featuredmedia":[{"embeddable":true,"href":"https:\/\/vskultur.de\/en\/wp-json\/wp\/v2\/media\/4233"}],"wp:attachment":[{"href":"https:\/\/vskultur.de\/en\/wp-json\/wp\/v2\/media?parent=3090"}],"wp:term":[{"taxonomy":"event_kategorien","embeddable":true,"href":"https:\/\/vskultur.de\/en\/wp-json\/wp\/v2\/event_kategorien?post=3090"}],"curies":[{"name":"wp","href":"https:\/\/api.w.org\/{rel}","templated":true}]}}

<p>In der Salonreihe „Kunst & Co.“ stehen jeweils Werke der bildenden Kunst und ihre aktuellen Botschaften an uns im Mittelpunkt.<br>Am 28. November 2024, 18.00 Uhr lädt Heike Seyffarth zum Salon „Kunst & Nichtkunst“ im Creative Hub Bremen, Friedrich-Karl-Str. 54, Raum 0.048, ein.<br>Die beliebte Smalltalk-Frage "Und was machst du so?" zielt meist auf eine Einordnung unseres Gegenübers im Erwerbskosmos. Im Salon schauen wir uns anhand einiger Beispielwerke an, warum, wie stark und in welche Richtung(en) sich Inhalte, Umfang und Bedeutung von Arbeit über die Jahrhunderte immer wieder geändert haben.<br>Für die Veranstaltung sind keine Vorkenntnisse erforderlich, der Eintritt ist frei.</p>

<p>In der Salonreihe „Kunst &#038; Co.“ stehen jeweils Werke der bildenden Kunst und ihre aktuellen Botschaften an uns im Mittelpunkt.Am 28. November 2024, 18.00 Uhr lädt Heike Seyffarth zum Salon „Kunst &#038; Nichtkunst“ im Creative Hub Bremen, Friedrich-Karl-Str. 54, Raum 0.048, ein.Die beliebte Smalltalk-Frage "Und was machst du so?" zielt meist auf eine Einordnung unseres [&hellip;]</p>
