{"id":3019,"date":"2023-12-20T11:35:15","date_gmt":"2023-12-20T10:35:15","guid":{"rendered":"https:\/\/vskultur.de\/?post_type=events&#038;p=3019"},"modified":"2025-09-26T15:12:58","modified_gmt":"2025-09-26T13:12:58","slug":"branding-camp","status":"publish","type":"events","link":"https:\/\/vskultur.de\/en\/events\/branding-camp\/","title":{"rendered":"Branding Camp"},"content":{"rendered":"<p><strong>unsere neue Workshop Reihe!<\/strong><\/p>\n\n\n\n<p>Du bist Gr\u00fcnder oder vertrittst einen Verein und fragst dich, wie du effektiv nach au\u00dfen trittst? Wie du die richtige Zielgruppe ansprichst, mit Worten \u00fcberzeugst und im Ged\u00e4chtnis bleibst? Dann ist unser dreiteiliger Workshop genau das Richtige f\u00fcr dich. Entdecke und forme den Kern deiner Marke, lerne sie authentisch zu kommunizieren und visualisiere sie \u00fcberzeugend.<\/p>\n\n\n\n<p>Setze den ersten Schritt, um deinem Business oder deinem Verein den Erfolg zu erm\u00f6glichen, den es verdient. Unser Workshop ist nicht nur eine Gelegenheit zum Lernen und kreieren, sondern auch zum Netzwerken mit anderen Vision\u00e4ren und Fachleuten.<\/p>\n\n\n\n<p>Verpasse diese Chance nicht, melde dich jetzt an und mach dich und deine Marke unvergesslich!\"<\/p>\n\n\n\n<p>Gesponsert von und mit gro\u00dfem Dank an: Heidehof Stiftung, Heinz A. Bockmeyer Stiftung, PSD Bank Nord, Bremen Senatorin f\u00fcr Bildung, Swiss Life<\/p>\n\n\n\n<p>Erster Termin:    DO 09.November 16-18H<br>Zweiter Termin: DO 16.November  16-18H<br>Dritter Termin:   DO 23.November 16-18H<\/p>\n\n\n\n<p>Registration <a href=\"https:\/\/eventbrite.de\/e\/brandingcamp-tickets-748008131457?aff=ebdsoporgprofile\" data-type=\"link\" data-id=\"https:\/\/eventbrite.de\/e\/brandingcamp-tickets-748008131457?aff=ebdsoporgprofile\">Hier<\/a><\/p>","protected":false},"excerpt":{"rendered":"<p>unsere neue Workshop Reihe! Du bist Gr\u00fcnder oder vertrittst einen Verein und fragst dich, wie du effektiv nach au\u00dfen trittst? Wie du die richtige Zielgruppe ansprichst, mit Worten \u00fcberzeugst und im Ged\u00e4chtnis bleibst? Dann ist unser dreiteiliger Workshop genau das Richtige f\u00fcr dich. Entdecke und forme den Kern deiner Marke, lerne sie authentisch zu kommunizieren [&hellip;]<\/p>","protected":false},"featured_media":3021,"parent":0,"template":"","event_kategorien":[37],"class_list":["post-3019","events","type-events","status-publish","has-post-thumbnail","hentry","event_kategorien-vergangene-veranstaltungen"],"acf":[],"_links":{"self":[{"href":"https:\/\/vskultur.de\/en\/wp-json\/wp\/v2\/events\/3019","targetHints":{"allow":["GET"]}}],"collection":[{"href":"https:\/\/vskultur.de\/en\/wp-json\/wp\/v2\/events"}],"about":[{"href":"https:\/\/vskultur.de\/en\/wp-json\/wp\/v2\/types\/events"}],"wp:featuredmedia":[{"embeddable":true,"href":"https:\/\/vskultur.de\/en\/wp-json\/wp\/v2\/media\/3021"}],"wp:attachment":[{"href":"https:\/\/vskultur.de\/en\/wp-json\/wp\/v2\/media?parent=3019"}],"wp:term":[{"taxonomy":"event_kategorien","embeddable":true,"href":"https:\/\/vskultur.de\/en\/wp-json\/wp\/v2\/event_kategorien?post=3019"}],"curies":[{"name":"wp","href":"https:\/\/api.w.org\/{rel}","templated":true}]}}

<p><strong>unsere neue Workshop Reihe!</strong></p>



<p>Du bist Gründer oder vertrittst einen Verein und fragst dich, wie du effektiv nach außen trittst? Wie du die richtige Zielgruppe ansprichst, mit Worten überzeugst und im Gedächtnis bleibst? Dann ist unser dreiteiliger Workshop genau das Richtige für dich. Entdecke und forme den Kern deiner Marke, lerne sie authentisch zu kommunizieren und visualisiere sie überzeugend.</p>



<p>Setze den ersten Schritt, um deinem Business oder deinem Verein den Erfolg zu ermöglichen, den es verdient. Unser Workshop ist nicht nur eine Gelegenheit zum Lernen und kreieren, sondern auch zum Netzwerken mit anderen Visionären und Fachleuten.</p>



<p>Verpasse diese Chance nicht, melde dich jetzt an und mach dich und deine Marke unvergesslich!"</p>



<p>Gesponsert von und mit großem Dank an: Heidehof Stiftung, Heinz A. Bockmeyer Stiftung, PSD Bank Nord, Bremen Senatorin für Bildung, Swiss Life</p>



<p>Erster Termin:    DO 09.November 16-18H<br>Zweiter Termin: DO 16.November  16-18H<br>Dritter Termin:   DO 23.November 16-18H</p>



<p>Registration <a href="https://eventbrite.de/e/brandingcamp-tickets-748008131457?aff=ebdsoporgprofile" data-type="link" data-id="https://eventbrite.de/e/brandingcamp-tickets-748008131457?aff=ebdsoporgprofile">Hier</a></p>

<p>unsere neue Workshop Reihe! Du bist Gründer oder vertrittst einen Verein und fragst dich, wie du effektiv nach außen trittst? Wie du die richtige Zielgruppe ansprichst, mit Worten überzeugst und im Gedächtnis bleibst? Dann ist unser dreiteiliger Workshop genau das Richtige für dich. Entdecke und forme den Kern deiner Marke, lerne sie authentisch zu kommunizieren [&hellip;]</p>
