{"id":2941,"date":"2023-11-22T14:22:44","date_gmt":"2023-11-22T13:22:44","guid":{"rendered":"https:\/\/vskultur.de\/?post_type=events&#038;p=2941"},"modified":"2025-09-26T15:12:56","modified_gmt":"2025-09-26T13:12:56","slug":"einladung-wintermarkt","status":"publish","type":"events","link":"https:\/\/vskultur.de\/en\/events\/einladung-wintermarkt\/","title":{"rendered":"Invitation WINTER MARKET"},"content":{"rendered":"<p>Das Jahr 2023 n\u00e4hert sich dem Ende und wir m\u00f6chten es mit euch in einer winterlichen Stimmung im Hub ausklingen lassen. Euch erwarten Marktst\u00e4nde mit Angeboten und Produkten von Projekten aus der Community, sowie ein kulinarisches Angebot und auch musikalische Begleitung.<\/p>\n\n\n\n<p>Daher laden wir euch herzlich zum <strong>WINTERMARKT<\/strong> am <\/p>\n\n\n\n<p><strong>16.12.2023<\/strong> von <strong>15-19 Uhr <\/strong><\/p>\n\n\n\n<p>in den <strong>Creative Hub<\/strong> (Friedrich-Karl-Str. 54, 28205 Bremen (ehemalige Prof. Hess Kinderklinik)) ein.<\/p>\n\n\n\n<p>Wir m\u00f6chten bei der Veranstaltung allen die M\u00f6glichkeit geben, sich zu vernetzen und kennenzulernen, denn wann bietet es sich besser als, als in winterlicher Atmosph\u00e4re an einem geschm\u00fcckten, kreativen Wohlf\u00fchlort?<\/p>\n\n\n\n<p>Der WINTERMARKT ist eine offene Veranstaltung, denn bei uns sind alle Willkommen.\u00a0\u00a0<br>Also kommt gerne vorbei, bringt\u00a0eure Familie oder Nachbar<em>innen mit und erz\u00e4hlt gerne Bremer<\/em>innen von unserem Event.<\/p>\n\n\n\n<p>Bei Fragen wendet euch gerne an: event@vskultur.de<\/p>\n\n\n\n<p>Wir freuen uns auf viele bekannte und unbekannte Gesichter und ein buntes, vielf\u00e4ltiges und internationales Event!<\/p>","protected":false},"excerpt":{"rendered":"<p>Network - Network - Network: lerne dir schnell und einfach ein Netzwerk zu erschlie\u00dfen und worauf es dabei ankommt<\/p>","protected":false},"featured_media":2842,"parent":0,"template":"","event_kategorien":[37],"class_list":["post-2941","events","type-events","status-publish","has-post-thumbnail","hentry","event_kategorien-vergangene-veranstaltungen"],"acf":[],"_links":{"self":[{"href":"https:\/\/vskultur.de\/en\/wp-json\/wp\/v2\/events\/2941","targetHints":{"allow":["GET"]}}],"collection":[{"href":"https:\/\/vskultur.de\/en\/wp-json\/wp\/v2\/events"}],"about":[{"href":"https:\/\/vskultur.de\/en\/wp-json\/wp\/v2\/types\/events"}],"wp:featuredmedia":[{"embeddable":true,"href":"https:\/\/vskultur.de\/en\/wp-json\/wp\/v2\/media\/2842"}],"wp:attachment":[{"href":"https:\/\/vskultur.de\/en\/wp-json\/wp\/v2\/media?parent=2941"}],"wp:term":[{"taxonomy":"event_kategorien","embeddable":true,"href":"https:\/\/vskultur.de\/en\/wp-json\/wp\/v2\/event_kategorien?post=2941"}],"curies":[{"name":"wp","href":"https:\/\/api.w.org\/{rel}","templated":true}]}}

<p>Das Jahr 2023 nähert sich dem Ende und wir möchten es mit euch in einer winterlichen Stimmung im Hub ausklingen lassen. Euch erwarten Marktstände mit Angeboten und Produkten von Projekten aus der Community, sowie ein kulinarisches Angebot und auch musikalische Begleitung.</p>



<p>Daher laden wir euch herzlich zum <strong>WINTERMARKT</strong> am </p>



<p><strong>16.12.2023</strong> von <strong>15-19 Uhr </strong></p>



<p>in den <strong>Creative Hub</strong> (Friedrich-Karl-Str. 54, 28205 Bremen (ehemalige Prof. Hess Kinderklinik)) ein.</p>



<p>Wir möchten bei der Veranstaltung allen die Möglichkeit geben, sich zu vernetzen und kennenzulernen, denn wann bietet es sich besser als, als in winterlicher Atmosphäre an einem geschmückten, kreativen Wohlfühlort?</p>



<p>Der WINTERMARKT ist eine offene Veranstaltung, denn bei uns sind alle Willkommen.  <br>Also kommt gerne vorbei, bringt eure Familie oder Nachbar<em>innen mit und erzählt gerne Bremer</em>innen von unserem Event.</p>



<p>Bei Fragen wendet euch gerne an: event@vskultur.de</p>



<p>Wir freuen uns auf viele bekannte und unbekannte Gesichter und ein buntes, vielfältiges und internationales Event!</p>

<p>Network - Network - Network: lerne dir schnell und einfach ein Netzwerk zu erschließen und worauf es dabei ankommt</p>
