{"id":2811,"date":"2023-10-26T14:55:56","date_gmt":"2023-10-26T12:55:56","guid":{"rendered":"https:\/\/vskultur.de\/?post_type=events&#038;p=2811"},"modified":"2025-09-26T15:12:49","modified_gmt":"2025-09-26T13:12:49","slug":"kick-off-am-umweltcontainer","status":"publish","type":"events","link":"https:\/\/vskultur.de\/en\/events\/kick-off-am-umweltcontainer\/","title":{"rendered":"KICK OFF at the environmental container"},"content":{"rendered":"<p>mit dem Umwelt-Container Kattenturm entwickelt die Visionskultur-Community in\u00a0Kattenturm Mitte einen gef\u00f6rderten Ort im \u00f6ffentlichen Raum zur Umsetzung von Ideen und Projekten. Als Zentrum des Klimaprojekts in Kattenturm macht der Container die Themen Energiesparen, Wertstofftrennung, Recycling & M\u00fcllentsorgung mit kreativen und innovativen Formaten sichtbar und erlebbar. So schafft das Projekt einen wichtigen Beitrag zu einem sauberen Stadtteil und mehr Klima-Bewusstsein.<\/p>\n\n\n\n<p><strong>Ihr seid herzlich eingeladen\u00a0\u00a0<\/strong><\/p>\n\n\n\n<p><strong>zum Kick-Off am 09. November um 10:30 Uhr\u00a0\u00a0<\/strong><\/p>\n\n\n\n<p><strong>an der Emil-Richter-Str. 5, 28277 Bremen\u00a0<\/strong><\/p>\n\n\n\n<p><strong>Angebot: Sprechstunde bei Klimaschutz-Guide Manuela Kalnei<\/strong><\/p>\n\n\n\n<p>Ab November gibt Klimaschutz-Guide <em>Manuela Kalnei<\/em>\u00a0im Quartier in ihrer Sprechstunde Antworten darauf, wie man sein eigenes Zuhause umweltfreundlicher gestaltet und auch, wie man Stromfressern auf die Schliche kommt.<\/p>\n\n\n\n<p><strong>Umweltcontainer l\u00e4dt zum Dialog im Stadtteil ein<\/strong><\/p>\n\n\n\n<p>Neben der Sprechstunde des Klimaschutz Guides schaffen wir von Visionskultur im Umweltcontainer viele weitere Angebote, die in Kattenturm zum Austausch und Dialog einladen. \u00a0Ziel ist es, zusammen mit Initiativen und Akteuren im Stadtteil Mitmach-Angebote zu schaffen und so mit Menschen ins Gespr\u00e4ch zu kommen. In Kattenturm wollen wir zudem das Thema Umweltschutz st\u00e4rken, das uns sehr am Herzen liegt.<\/p>\n\n\n\n<p>Zus\u00e4tzlich steht der Container auch f\u00fcr weitere Akteure aus dem Quartier und der Visionskultur-Community zur Verf\u00fcgung. \u00dcber <a href=\"mailto:creativespaces@vskultur.de\">creativespaces@vskultur.de<\/a> kann jederzeit Kontakt zum Visionskultur-Team aufgenommen werden.\u202f\u202f\u00a0<\/p>\n\n\n\n<p>Durch die enge Verbindung zum Projekt Creative Hub Bremen, das von Visionskultur in Zusammenarbeit mit der GEWOBA umgesetzt wird, entsteht eine aktive Verkn\u00fcpfung zwischen Stadtteil und dem Kreativ- und Innovationszentrum. Dadurch ist eine Einbindung in die Aktivit\u00e4ten der beteiligten Projekte und Themencluster gew\u00e4hrleistet. Weitere lokale Akteure aus Wirtschaft, Wissenschaft und der Hochschullandschaft werden ebenfalls in das Projekt einbezogen, um zus\u00e4tzliche Vernetzungen in die Stadtteile zu gew\u00e4hrleisten.\u202f\u202f\u00a0Gef\u00f6rdert wird das Projekt aus WiN-Mitteln, von der GEWOBA und dem Beirat Obervieland.<\/p>","protected":false},"excerpt":{"rendered":"<p>mit dem Umwelt-Container Kattenturm entwickelt die Visionskultur-Community in\u00a0Kattenturm Mitte einen gef\u00f6rderten Ort im \u00f6ffentlichen Raum zur Umsetzung von Ideen und Projekten. Als Zentrum des Klimaprojekts in Kattenturm macht der Container die Themen Energiesparen, Wertstofftrennung, Recycling &#038; M\u00fcllentsorgung mit kreativen und innovativen Formaten sichtbar und erlebbar. So schafft das Projekt einen wichtigen Beitrag zu einem sauberen [&hellip;]<\/p>","protected":false},"featured_media":2812,"parent":0,"template":"","event_kategorien":[37],"class_list":["post-2811","events","type-events","status-publish","has-post-thumbnail","hentry","event_kategorien-vergangene-veranstaltungen"],"acf":[],"_links":{"self":[{"href":"https:\/\/vskultur.de\/en\/wp-json\/wp\/v2\/events\/2811","targetHints":{"allow":["GET"]}}],"collection":[{"href":"https:\/\/vskultur.de\/en\/wp-json\/wp\/v2\/events"}],"about":[{"href":"https:\/\/vskultur.de\/en\/wp-json\/wp\/v2\/types\/events"}],"wp:featuredmedia":[{"embeddable":true,"href":"https:\/\/vskultur.de\/en\/wp-json\/wp\/v2\/media\/2812"}],"wp:attachment":[{"href":"https:\/\/vskultur.de\/en\/wp-json\/wp\/v2\/media?parent=2811"}],"wp:term":[{"taxonomy":"event_kategorien","embeddable":true,"href":"https:\/\/vskultur.de\/en\/wp-json\/wp\/v2\/event_kategorien?post=2811"}],"curies":[{"name":"wp","href":"https:\/\/api.w.org\/{rel}","templated":true}]}}

<p>mit dem Umwelt-Container Kattenturm entwickelt die Visionskultur-Community in Kattenturm Mitte einen geförderten Ort im öffentlichen Raum zur Umsetzung von Ideen und Projekten. Als Zentrum des Klimaprojekts in Kattenturm macht der Container die Themen Energiesparen, Wertstofftrennung, Recycling & Müllentsorgung mit kreativen und innovativen Formaten sichtbar und erlebbar. So schafft das Projekt einen wichtigen Beitrag zu einem sauberen Stadtteil und mehr Klima-Bewusstsein.</p>



<p><strong>Ihr seid herzlich eingeladen  </strong></p>



<p><strong>zum Kick-Off am 09. November um 10:30 Uhr  </strong></p>



<p><strong>an der Emil-Richter-Str. 5, 28277 Bremen </strong></p>



<p><strong>Angebot: Sprechstunde bei Klimaschutz-Guide Manuela Kalnei</strong></p>



<p>Ab November gibt Klimaschutz-Guide <em>Manuela Kalnei</em> im Quartier in ihrer Sprechstunde Antworten darauf, wie man sein eigenes Zuhause umweltfreundlicher gestaltet und auch, wie man Stromfressern auf die Schliche kommt.</p>



<p><strong>Umweltcontainer lädt zum Dialog im Stadtteil ein</strong></p>



<p>Neben der Sprechstunde des Klimaschutz Guides schaffen wir von Visionskultur im Umweltcontainer viele weitere Angebote, die in Kattenturm zum Austausch und Dialog einladen.  Ziel ist es, zusammen mit Initiativen und Akteuren im Stadtteil Mitmach-Angebote zu schaffen und so mit Menschen ins Gespräch zu kommen. In Kattenturm wollen wir zudem das Thema Umweltschutz stärken, das uns sehr am Herzen liegt.</p>



<p>Zusätzlich steht der Container auch für weitere Akteure aus dem Quartier und der Visionskultur-Community zur Verfügung. Über <a href="mailto:creativespaces@vskultur.de">creativespaces@vskultur.de</a> kann jederzeit Kontakt zum Visionskultur-Team aufgenommen werden.   </p>



<p>Durch die enge Verbindung zum Projekt Creative Hub Bremen, das von Visionskultur in Zusammenarbeit mit der GEWOBA umgesetzt wird, entsteht eine aktive Verknüpfung zwischen Stadtteil und dem Kreativ- und Innovationszentrum. Dadurch ist eine Einbindung in die Aktivitäten der beteiligten Projekte und Themencluster gewährleistet. Weitere lokale Akteure aus Wirtschaft, Wissenschaft und der Hochschullandschaft werden ebenfalls in das Projekt einbezogen, um zusätzliche Vernetzungen in die Stadtteile zu gewährleisten.   Gefördert wird das Projekt aus WiN-Mitteln, von der GEWOBA und dem Beirat Obervieland.</p>

<p>mit dem Umwelt-Container Kattenturm entwickelt die Visionskultur-Community in Kattenturm Mitte einen geförderten Ort im öffentlichen Raum zur Umsetzung von Ideen und Projekten. Als Zentrum des Klimaprojekts in Kattenturm macht der Container die Themen Energiesparen, Wertstofftrennung, Recycling &#038; Müllentsorgung mit kreativen und innovativen Formaten sichtbar und erlebbar. So schafft das Projekt einen wichtigen Beitrag zu einem sauberen [&hellip;]</p>
