{"id":2558,"date":"2023-05-12T12:03:52","date_gmt":"2023-05-12T10:03:52","guid":{"rendered":"https:\/\/vskultur.de\/?post_type=events&#038;p=2558"},"modified":"2025-09-26T15:12:27","modified_gmt":"2025-09-26T13:12:27","slug":"kunstausstellung-gruen","status":"publish","type":"events","link":"https:\/\/vskultur.de\/en\/events\/kunstausstellung-gruen\/","title":{"rendered":"Kunstausstellung \"gr\u00fcn\""},"content":{"rendered":"<h2 class=\"wp-block-heading\">Er\u00f6ffnung<\/h2>\n\n\n\n<p>Heike Seyffarth und der Creative Hub l\u00e4dt zur Er\u00f6ffnung der neuen Kunstausstellung \"gr\u00fcn\" ein. Wie immer erwarten euch neben den kreativen Arbeiten auch ein paar \u00dcberraschungen und nat\u00fcrlich eine wunderbare Einf\u00fchrung der Kuratorin selbst. <\/p>\n\n\n\n<p>Los geht`s um 18 Uhr. <\/p>\n\n\n\n<figure class=\"wp-block-image size-large\"><img loading=\"lazy\" decoding=\"async\" width=\"1024\" height=\"1024\" src=\"https:\/\/vskultur.de\/wp-content\/uploads\/2023\/05\/post-maerz-april-18-1024x1024.jpg\" alt=\"\" class=\"wp-image-2559\" srcset=\"https:\/\/vskultur.de\/wp-content\/uploads\/2023\/05\/post-maerz-april-18-1024x1024.jpg 1024w, https:\/\/vskultur.de\/wp-content\/uploads\/2023\/05\/post-maerz-april-18-300x300.jpg 300w, https:\/\/vskultur.de\/wp-content\/uploads\/2023\/05\/post-maerz-april-18-150x150.jpg 150w, https:\/\/vskultur.de\/wp-content\/uploads\/2023\/05\/post-maerz-april-18-768x768.jpg 768w, https:\/\/vskultur.de\/wp-content\/uploads\/2023\/05\/post-maerz-april-18.jpg 1080w\" sizes=\"auto, (max-width: 1024px) 100vw, 1024px\" \/><\/figure>","protected":false},"excerpt":{"rendered":"<p>Er\u00f6ffnung Heike Seyffarth und der Creative Hub l\u00e4dt zur Er\u00f6ffnung der neuen Kunstausstellung \"gr\u00fcn\" ein. Wie immer erwarten euch neben den kreativen Arbeiten auch ein paar \u00dcberraschungen und nat\u00fcrlich eine wunderbare Einf\u00fchrung der Kuratorin selbst. Los geht`s um 18 Uhr.<\/p>","protected":false},"featured_media":2520,"parent":0,"template":"","event_kategorien":[37],"class_list":["post-2558","events","type-events","status-publish","has-post-thumbnail","hentry","event_kategorien-vergangene-veranstaltungen"],"acf":[],"_links":{"self":[{"href":"https:\/\/vskultur.de\/en\/wp-json\/wp\/v2\/events\/2558","targetHints":{"allow":["GET"]}}],"collection":[{"href":"https:\/\/vskultur.de\/en\/wp-json\/wp\/v2\/events"}],"about":[{"href":"https:\/\/vskultur.de\/en\/wp-json\/wp\/v2\/types\/events"}],"wp:featuredmedia":[{"embeddable":true,"href":"https:\/\/vskultur.de\/en\/wp-json\/wp\/v2\/media\/2520"}],"wp:attachment":[{"href":"https:\/\/vskultur.de\/en\/wp-json\/wp\/v2\/media?parent=2558"}],"wp:term":[{"taxonomy":"event_kategorien","embeddable":true,"href":"https:\/\/vskultur.de\/en\/wp-json\/wp\/v2\/event_kategorien?post=2558"}],"curies":[{"name":"wp","href":"https:\/\/api.w.org\/{rel}","templated":true}]}}

Kunstausstellung "grün"

<h2 class="wp-block-heading">Eröffnung</h2>



<p>Heike Seyffarth und der Creative Hub lädt zur Eröffnung der neuen Kunstausstellung "grün" ein. Wie immer erwarten euch neben den kreativen Arbeiten auch ein paar Überraschungen und natürlich eine wunderbare Einführung der Kuratorin selbst. </p>



<p>Los geht`s um 18 Uhr. </p>



<figure class="wp-block-image size-large"><img loading="lazy" decoding="async" width="1024" height="1024" src="https://vskultur.de/wp-content/uploads/2023/05/post-maerz-april-18-1024x1024.jpg" alt="" class="wp-image-2559" srcset="https://vskultur.de/wp-content/uploads/2023/05/post-maerz-april-18-1024x1024.jpg 1024w, https://vskultur.de/wp-content/uploads/2023/05/post-maerz-april-18-300x300.jpg 300w, https://vskultur.de/wp-content/uploads/2023/05/post-maerz-april-18-150x150.jpg 150w, https://vskultur.de/wp-content/uploads/2023/05/post-maerz-april-18-768x768.jpg 768w, https://vskultur.de/wp-content/uploads/2023/05/post-maerz-april-18.jpg 1080w" sizes="auto, (max-width: 1024px) 100vw, 1024px" /></figure>

<p>Eröffnung Heike Seyffarth und der Creative Hub lädt zur Eröffnung der neuen Kunstausstellung "grün" ein. Wie immer erwarten euch neben den kreativen Arbeiten auch ein paar Überraschungen und natürlich eine wunderbare Einführung der Kuratorin selbst. Los geht`s um 18 Uhr.</p>
