{"id":2314,"date":"2023-04-25T13:36:33","date_gmt":"2023-04-25T11:36:33","guid":{"rendered":"https:\/\/vskultur.de\/?post_type=events&#038;p=2314"},"modified":"2025-09-26T15:12:23","modified_gmt":"2025-09-26T13:12:23","slug":"kunst-salon-im-creative-hub","status":"publish","type":"events","link":"https:\/\/vskultur.de\/en\/events\/kunst-salon-im-creative-hub\/","title":{"rendered":"Kunst-Salon im Creative Hub"},"content":{"rendered":"<h2 class=\"wp-block-heading\">Heike Seyffarth stellt im Salon \u201eKunst & Theater\u201c Bilder mehrerer Jahrhunderte vor<\/h2>\n\n\n\n<p>In der Salonreihe \"Kunst & Co.\" stehen jeweils Werke der bildenden Kunst und ihre aktuellen Botschaften an uns im Mittelpunkt.<br><br>Am 29. Juni 2023, 18.00 Uhr stellt Heike Seyffarth im Salon \u201eKunst & Theater\u201c im Creative Hub Bremen Theater-Bilder mehrerer Jahrhunderte vor. Dabei wird ein Bogen vom antiken Maskenspiel \u00fcber die Bauhausb\u00fchne bis zu aktuellen B\u00fchnenbildgestaltungen in Bayreuth oder Salzburg durch zeitgen\u00f6ssische K\u00fcnstler gespannt.<\/p>\n\n\n\n<p>F\u00fcr diese Begleitveranstaltung zur Ausstellung \"Vorstellungsrunde\" im Creative Hub Bremen sind keine Vorkenntnisse erforderlich, der Eintritt ist frei.<\/p>\n\n\n\n<p>Bisherige Salons:\u00a0<a rel=\"noreferrer noopener\" href=\"https:\/\/phototio.org\/category\/salon-kunst-co\/\" target=\"_blank\">https:\/\/phototio.org\/category\/salon-kunst-co\/<\/a><\/p>\n\n\n\n<figure class=\"wp-block-image size-large\"><img loading=\"lazy\" decoding=\"async\" width=\"1024\" height=\"681\" src=\"https:\/\/vskultur.de\/wp-content\/uploads\/2023\/04\/Salon-Kunst-1024x681.jpg\" alt=\"\" class=\"wp-image-2315\" srcset=\"https:\/\/vskultur.de\/wp-content\/uploads\/2023\/04\/Salon-Kunst-1024x681.jpg 1024w, https:\/\/vskultur.de\/wp-content\/uploads\/2023\/04\/Salon-Kunst-300x199.jpg 300w, https:\/\/vskultur.de\/wp-content\/uploads\/2023\/04\/Salon-Kunst-768x511.jpg 768w, https:\/\/vskultur.de\/wp-content\/uploads\/2023\/04\/Salon-Kunst-1536x1021.jpg 1536w, https:\/\/vskultur.de\/wp-content\/uploads\/2023\/04\/Salon-Kunst-2048x1361.jpg 2048w, https:\/\/vskultur.de\/wp-content\/uploads\/2023\/04\/Salon-Kunst.jpg 2407w\" sizes=\"auto, (max-width: 1024px) 100vw, 1024px\" \/><\/figure>","protected":false},"excerpt":{"rendered":"<p>Heike Seyffarth stellt im Salon \u201eKunst &#038; Theater\u201c Bilder mehrerer Jahrhunderte vor In der Salonreihe \"Kunst &#038; Co.\" stehen jeweils Werke der bildenden Kunst und ihre aktuellen Botschaften an uns im Mittelpunkt. Am 29. Juni 2023, 18.00 Uhr stellt Heike Seyffarth im Salon \u201eKunst &#038; Theater\u201c im Creative Hub Bremen Theater-Bilder mehrerer Jahrhunderte vor. Dabei [&hellip;]<\/p>","protected":false},"featured_media":2315,"parent":0,"template":"","event_kategorien":[37],"class_list":["post-2314","events","type-events","status-publish","has-post-thumbnail","hentry","event_kategorien-vergangene-veranstaltungen"],"acf":[],"_links":{"self":[{"href":"https:\/\/vskultur.de\/en\/wp-json\/wp\/v2\/events\/2314","targetHints":{"allow":["GET"]}}],"collection":[{"href":"https:\/\/vskultur.de\/en\/wp-json\/wp\/v2\/events"}],"about":[{"href":"https:\/\/vskultur.de\/en\/wp-json\/wp\/v2\/types\/events"}],"wp:featuredmedia":[{"embeddable":true,"href":"https:\/\/vskultur.de\/en\/wp-json\/wp\/v2\/media\/2315"}],"wp:attachment":[{"href":"https:\/\/vskultur.de\/en\/wp-json\/wp\/v2\/media?parent=2314"}],"wp:term":[{"taxonomy":"event_kategorien","embeddable":true,"href":"https:\/\/vskultur.de\/en\/wp-json\/wp\/v2\/event_kategorien?post=2314"}],"curies":[{"name":"wp","href":"https:\/\/api.w.org\/{rel}","templated":true}]}}

<h2 class="wp-block-heading">Heike Seyffarth stellt im Salon „Kunst & Theater“ Bilder mehrerer Jahrhunderte vor</h2>



<p>In der Salonreihe "Kunst & Co." stehen jeweils Werke der bildenden Kunst und ihre aktuellen Botschaften an uns im Mittelpunkt.<br><br>Am 29. Juni 2023, 18.00 Uhr stellt Heike Seyffarth im Salon „Kunst & Theater“ im Creative Hub Bremen Theater-Bilder mehrerer Jahrhunderte vor. Dabei wird ein Bogen vom antiken Maskenspiel über die Bauhausbühne bis zu aktuellen Bühnenbildgestaltungen in Bayreuth oder Salzburg durch zeitgenössische Künstler gespannt.</p>



<p>Für diese Begleitveranstaltung zur Ausstellung "Vorstellungsrunde" im Creative Hub Bremen sind keine Vorkenntnisse erforderlich, der Eintritt ist frei.</p>



<p>Bisherige Salons: <a rel="noreferrer noopener" href="https://phototio.org/category/salon-kunst-co/" target="_blank">https://phototio.org/category/salon-kunst-co/</a></p>



<figure class="wp-block-image size-large"><img loading="lazy" decoding="async" width="1024" height="681" src="https://vskultur.de/wp-content/uploads/2023/04/Salon-Kunst-1024x681.jpg" alt="" class="wp-image-2315" srcset="https://vskultur.de/wp-content/uploads/2023/04/Salon-Kunst-1024x681.jpg 1024w, https://vskultur.de/wp-content/uploads/2023/04/Salon-Kunst-300x199.jpg 300w, https://vskultur.de/wp-content/uploads/2023/04/Salon-Kunst-768x511.jpg 768w, https://vskultur.de/wp-content/uploads/2023/04/Salon-Kunst-1536x1021.jpg 1536w, https://vskultur.de/wp-content/uploads/2023/04/Salon-Kunst-2048x1361.jpg 2048w, https://vskultur.de/wp-content/uploads/2023/04/Salon-Kunst.jpg 2407w" sizes="auto, (max-width: 1024px) 100vw, 1024px" /></figure>
