{"id":1724,"date":"2023-01-09T13:01:16","date_gmt":"2023-01-09T12:01:16","guid":{"rendered":"https:\/\/vskultur.de\/?post_type=events&#038;p=1724"},"modified":"2025-09-26T15:12:11","modified_gmt":"2025-09-26T13:12:11","slug":"social-media-basics-fuer-fuer-freiwillige-vereine-und-freiwilligen-organisationen","status":"publish","type":"events","link":"https:\/\/vskultur.de\/en\/events\/social-media-basics-fuer-fuer-freiwillige-vereine-und-freiwilligen-organisationen\/","title":{"rendered":"Social Media Basics f\u00fcr f\u00fcr Freiwillige, Vereine und Freiwilligen-Organisationen"},"content":{"rendered":"<h2 class=\"wp-block-heading\"><strong>Euer Verein sucht Unterst\u00fctzung? Ihr braucht Support und seid auf der Suche nach (jungen) Menschen, die Lust haben, sich ehrenamtlich sozial<\/strong><\/h2>\n\n\n\n<p>Euer Verein sucht Unterst\u00fctzung? Ihr braucht Support und seid auf der Suche nach (jungen) Menschen, die Lust haben, sich ehrenamtlich sozial zu engagieren?<\/p>\n\n\n\n<p>Die weltweite Digitalisierung, die besonders in pandemischen Zeiten zugenommen hat, sowie eine gestiegene Mobilit\u00e4t und die Anforderung einer agilen Arbeitswelt, stehen einer krisengepr\u00e4gten Zeit gegen\u00fcber. Um mit diesen Herausforderungen umzugehen, ist es notwendig 1. Neue Kommunikationswege f\u00fcr eure Bedarfe zu finden und 2. Eine M\u00f6glichkeit aufzuzeigen, wo und wie wir uns in einer Gesellschaft der M\u00f6glichkeitsvielfalt engagieren k\u00f6nnen! \u00a0Gleichzeitig stehen nat\u00fcrlich vor allem Vereine und Organisation vor dem Problem, nur \u00fcber sehr begrenzte zeitliche und finanzielle Ressourcen zu verf\u00fcgen!<\/p>\n\n\n\n<p>In diesem Workshop wollen wir euch also zeigen, wie ihr mit m\u00f6glichst wenig Aufwand \u00fcber Social Media auf euch aufmerksam machen k\u00f6nnt! Dabei geht es sowohl darum, eure Arbeit einem breiten Publikum sichtbar zu machen, als auch neue Engagierte zu finden und weiteren Support zu erhalten!<\/p>\n\n\n\n<p>Der Workshop gliedert sich in drei Teile,<\/p>\n\n\n\n<p>1.\u00a0\u00a0\u00a0\u00a0\u00a0\u00a0\u00a0Basics der Medien Instagram und Facebook<\/p>\n\n\n\n<p>2.\u00a0\u00a0\u00a0\u00a0\u00a0\u00a0\u00a0Potentiale und Chancen\u00a0<\/p>\n\n\n\n<p>3.\u00a0\u00a0\u00a0\u00a0\u00a0\u00a0\u00a0Erste konkrete Strategien f\u00fcr euer Projekt\u00a0<\/p>\n\n\n\n<p>Angesetzt sind insgesamt 3 Stunden (1,5 Stunden \u2013 Pause \u2013 Gruppenarbeit \u2013 Abschluss)<\/p>\n\n\n\n<p>Nicht zuletzt kann hier aber auch ein Raum entstehen, um sich gegenseitig auszutauschen, Erfahrungen zu teilen und gegenseitige Tipps und Tricks zu teilen!<\/p>\n\n\n\n<figure class=\"wp-block-image size-large\"><img loading=\"lazy\" decoding=\"async\" width=\"1024\" height=\"512\" src=\"https:\/\/vskultur.de\/wp-content\/uploads\/2023\/01\/Social-Media-Basics-1-1024x512.png\" alt=\"\" class=\"wp-image-1726\" srcset=\"https:\/\/vskultur.de\/wp-content\/uploads\/2023\/01\/Social-Media-Basics-1-1024x512.png 1024w, https:\/\/vskultur.de\/wp-content\/uploads\/2023\/01\/Social-Media-Basics-1-300x150.png 300w, https:\/\/vskultur.de\/wp-content\/uploads\/2023\/01\/Social-Media-Basics-1-768x384.png 768w, https:\/\/vskultur.de\/wp-content\/uploads\/2023\/01\/Social-Media-Basics-1-1536x768.png 1536w, https:\/\/vskultur.de\/wp-content\/uploads\/2023\/01\/Social-Media-Basics-1-2048x1024.png 2048w, https:\/\/vskultur.de\/wp-content\/uploads\/2023\/01\/Social-Media-Basics-1.png 2160w\" sizes=\"auto, (max-width: 1024px) 100vw, 1024px\" \/><\/figure>","protected":false},"excerpt":{"rendered":"<p>Euer Verein sucht Unterst\u00fctzung? Ihr braucht Support und seid auf der Suche nach (jungen) Menschen, die Lust haben, sich ehrenamtlich sozial Euer Verein sucht Unterst\u00fctzung? Ihr braucht Support und seid auf der Suche nach (jungen) Menschen, die Lust haben, sich ehrenamtlich sozial zu engagieren? Die weltweite Digitalisierung, die besonders in pandemischen Zeiten zugenommen hat, sowie [&hellip;]<\/p>","protected":false},"featured_media":1725,"parent":0,"template":"","event_kategorien":[37],"class_list":["post-1724","events","type-events","status-publish","has-post-thumbnail","hentry","event_kategorien-vergangene-veranstaltungen"],"acf":[],"_links":{"self":[{"href":"https:\/\/vskultur.de\/en\/wp-json\/wp\/v2\/events\/1724","targetHints":{"allow":["GET"]}}],"collection":[{"href":"https:\/\/vskultur.de\/en\/wp-json\/wp\/v2\/events"}],"about":[{"href":"https:\/\/vskultur.de\/en\/wp-json\/wp\/v2\/types\/events"}],"wp:featuredmedia":[{"embeddable":true,"href":"https:\/\/vskultur.de\/en\/wp-json\/wp\/v2\/media\/1725"}],"wp:attachment":[{"href":"https:\/\/vskultur.de\/en\/wp-json\/wp\/v2\/media?parent=1724"}],"wp:term":[{"taxonomy":"event_kategorien","embeddable":true,"href":"https:\/\/vskultur.de\/en\/wp-json\/wp\/v2\/event_kategorien?post=1724"}],"curies":[{"name":"wp","href":"https:\/\/api.w.org\/{rel}","templated":true}]}}

Social Media Basics für für Freiwillige, Vereine und Freiwilligen-Organisationen

<h2 class="wp-block-heading"><strong>Euer Verein sucht Unterstützung? Ihr braucht Support und seid auf der Suche nach (jungen) Menschen, die Lust haben, sich ehrenamtlich sozial</strong></h2>



<p>Euer Verein sucht Unterstützung? Ihr braucht Support und seid auf der Suche nach (jungen) Menschen, die Lust haben, sich ehrenamtlich sozial zu engagieren?</p>



<p>Die weltweite Digitalisierung, die besonders in pandemischen Zeiten zugenommen hat, sowie eine gestiegene Mobilität und die Anforderung einer agilen Arbeitswelt, stehen einer krisengeprägten Zeit gegenüber. Um mit diesen Herausforderungen umzugehen, ist es notwendig 1. Neue Kommunikationswege für eure Bedarfe zu finden und 2. Eine Möglichkeit aufzuzeigen, wo und wie wir uns in einer Gesellschaft der Möglichkeitsvielfalt engagieren können!  Gleichzeitig stehen natürlich vor allem Vereine und Organisation vor dem Problem, nur über sehr begrenzte zeitliche und finanzielle Ressourcen zu verfügen!</p>



<p>In diesem Workshop wollen wir euch also zeigen, wie ihr mit möglichst wenig Aufwand über Social Media auf euch aufmerksam machen könnt! Dabei geht es sowohl darum, eure Arbeit einem breiten Publikum sichtbar zu machen, als auch neue Engagierte zu finden und weiteren Support zu erhalten!</p>



<p>Der Workshop gliedert sich in drei Teile,</p>



<p>1.       Basics der Medien Instagram und Facebook</p>



<p>2.       Potentiale und Chancen </p>



<p>3.       Erste konkrete Strategien für euer Projekt </p>



<p>Angesetzt sind insgesamt 3 Stunden (1,5 Stunden – Pause – Gruppenarbeit – Abschluss)</p>



<p>Nicht zuletzt kann hier aber auch ein Raum entstehen, um sich gegenseitig auszutauschen, Erfahrungen zu teilen und gegenseitige Tipps und Tricks zu teilen!</p>



<figure class="wp-block-image size-large"><img loading="lazy" decoding="async" width="1024" height="512" src="https://vskultur.de/wp-content/uploads/2023/01/Social-Media-Basics-1-1024x512.png" alt="" class="wp-image-1726" srcset="https://vskultur.de/wp-content/uploads/2023/01/Social-Media-Basics-1-1024x512.png 1024w, https://vskultur.de/wp-content/uploads/2023/01/Social-Media-Basics-1-300x150.png 300w, https://vskultur.de/wp-content/uploads/2023/01/Social-Media-Basics-1-768x384.png 768w, https://vskultur.de/wp-content/uploads/2023/01/Social-Media-Basics-1-1536x768.png 1536w, https://vskultur.de/wp-content/uploads/2023/01/Social-Media-Basics-1-2048x1024.png 2048w, https://vskultur.de/wp-content/uploads/2023/01/Social-Media-Basics-1.png 2160w" sizes="auto, (max-width: 1024px) 100vw, 1024px" /></figure>

<p>Euer Verein sucht Unterstützung? Ihr braucht Support und seid auf der Suche nach (jungen) Menschen, die Lust haben, sich ehrenamtlich sozial Euer Verein sucht Unterstützung? Ihr braucht Support und seid auf der Suche nach (jungen) Menschen, die Lust haben, sich ehrenamtlich sozial zu engagieren? Die weltweite Digitalisierung, die besonders in pandemischen Zeiten zugenommen hat, sowie [&hellip;]</p>
