{"id":1286,"date":"2022-09-17T23:19:31","date_gmt":"2022-09-17T21:19:31","guid":{"rendered":"https:\/\/superplaner.com\/?post_type=events&#038;p=1286"},"modified":"2025-09-26T15:39:35","modified_gmt":"2025-09-26T13:39:35","slug":"multiplikatorenschulung","status":"publish","type":"events","link":"https:\/\/vskultur.de\/en\/events\/multiplikatorenschulung\/","title":{"rendered":"Multiplikatorenschulung"},"content":{"rendered":"<h2 class=\"wp-block-heading\">in der Integrationsarbeit <\/h2>\n\n\n\n<p>Die Multiplikatorenschulung richtet sich an Bremer Vereine und Organisationen in der Integrationsarbeit. Mithilfe von den Schulungen werden Multiplikator*innen, die selbst Teil von Vereinen sind, darin fortgebildet, Vereine und Organisationen im Prozess der Professionalisierung zu begleiten. Dar\u00fcber hinaus, sollen sie dazu bef\u00e4higt werden, die Vereinsthemen eigenst\u00e4ndig weiterzuentwickeln und zuk\u00fcnftigen Herausforderungen aktiv zu begegnen.<\/p>\n\n\n\n<p>Die Schulung wird in 5 Modulen stattfinden. Der Termin f\u00fcr das erste Modul ist gesetzt, aller anderen Termine folgen in Absprache mit den Teilnehmenden.\u00a0<\/p>\n\n\n\n<h3 class=\"wp-block-heading\"><strong>Inhalte:\u00a0<\/strong><\/h3>\n\n\n\n<p>\u00b7 Modul I: Strategie- Organisationsentwicklung - Vereinsmanagement<\/p>\n\n\n\n<p>7. Oktober 10-15 Uhr und 8. Oktober 10-15 Uhr<\/p>\n\n\n\n<p>\u00b7 Modul II: Kommunikation, Gespr\u00e4chsf\u00fchrung und Umgang mit Konflikten, \u00d6ffentlichkeits- und Pressearbeit<\/p>\n\n\n\n<p>\u00b7 Modul III: Inter- und Transkulturelle Kompetenz, Diversity- und Genderkompetenzen<\/p>\n\n\n\n<p>\u00b7 Modul IV: Intersektionale Antidiskriminierungsarbeit<\/p>\n\n\n\n<p>\u00b7 Modul V: Selbstreflexion \u2013 Lernreflexion<\/p>\n\n\n\n<p>Referentin: Sevda Atik<\/p>\n\n\n\n<p>Registration: <a href=\"https:\/\/www.eventbrite.de\/e\/multiplikatorenschulung-tickets-421971998607\">https:\/\/www.eventbrite.de\/e\/multiplikatorenschulung-tickets-421971998607<\/a><\/p>","protected":false},"excerpt":{"rendered":"<p>in der Integrationsarbeit Die Multiplikatorenschulung richtet sich an Bremer Vereine und Organisationen in der Integrationsarbeit. Mithilfe von den Schulungen werden Multiplikator*innen, die selbst Teil von Vereinen sind, darin fortgebildet, Vereine und Organisationen im Prozess der Professionalisierung zu begleiten. Dar\u00fcber hinaus, sollen sie dazu bef\u00e4higt werden, die Vereinsthemen eigenst\u00e4ndig weiterzuentwickeln und zuk\u00fcnftigen Herausforderungen aktiv zu begegnen. [&hellip;]<\/p>","protected":false},"featured_media":1262,"parent":0,"template":"","event_kategorien":[37],"class_list":["post-1286","events","type-events","status-publish","has-post-thumbnail","hentry","event_kategorien-vergangene-veranstaltungen"],"acf":[],"_links":{"self":[{"href":"https:\/\/vskultur.de\/en\/wp-json\/wp\/v2\/events\/1286","targetHints":{"allow":["GET"]}}],"collection":[{"href":"https:\/\/vskultur.de\/en\/wp-json\/wp\/v2\/events"}],"about":[{"href":"https:\/\/vskultur.de\/en\/wp-json\/wp\/v2\/types\/events"}],"wp:featuredmedia":[{"embeddable":true,"href":"https:\/\/vskultur.de\/en\/wp-json\/wp\/v2\/media\/1262"}],"wp:attachment":[{"href":"https:\/\/vskultur.de\/en\/wp-json\/wp\/v2\/media?parent=1286"}],"wp:term":[{"taxonomy":"event_kategorien","embeddable":true,"href":"https:\/\/vskultur.de\/en\/wp-json\/wp\/v2\/event_kategorien?post=1286"}],"curies":[{"name":"wp","href":"https:\/\/api.w.org\/{rel}","templated":true}]}}

<h2 class="wp-block-heading">in der Integrationsarbeit </h2>



<p>Die Multiplikatorenschulung richtet sich an Bremer Vereine und Organisationen in der Integrationsarbeit. Mithilfe von den Schulungen werden Multiplikator*innen, die selbst Teil von Vereinen sind, darin fortgebildet, Vereine und Organisationen im Prozess der Professionalisierung zu begleiten. Darüber hinaus, sollen sie dazu befähigt werden, die Vereinsthemen eigenständig weiterzuentwickeln und zukünftigen Herausforderungen aktiv zu begegnen.</p>



<p>Die Schulung wird in 5 Modulen stattfinden. Der Termin für das erste Modul ist gesetzt, aller anderen Termine folgen in Absprache mit den Teilnehmenden. </p>



<h3 class="wp-block-heading"><strong>Inhalte: </strong></h3>



<p>· Modul I: Strategie- Organisationsentwicklung - Vereinsmanagement</p>



<p>7. Oktober 10-15 Uhr und 8. Oktober 10-15 Uhr</p>



<p>· Modul II: Kommunikation, Gesprächsführung und Umgang mit Konflikten, Öffentlichkeits- und Pressearbeit</p>



<p>· Modul III: Inter- und Transkulturelle Kompetenz, Diversity- und Genderkompetenzen</p>



<p>· Modul IV: Intersektionale Antidiskriminierungsarbeit</p>



<p>· Modul V: Selbstreflexion – Lernreflexion</p>



<p>Referentin: Sevda Atik</p>



<p>Registration: <a href="https://www.eventbrite.de/e/multiplikatorenschulung-tickets-421971998607">https://www.eventbrite.de/e/multiplikatorenschulung-tickets-421971998607</a></p>

<p>in der Integrationsarbeit Die Multiplikatorenschulung richtet sich an Bremer Vereine und Organisationen in der Integrationsarbeit. Mithilfe von den Schulungen werden Multiplikator*innen, die selbst Teil von Vereinen sind, darin fortgebildet, Vereine und Organisationen im Prozess der Professionalisierung zu begleiten. Darüber hinaus, sollen sie dazu befähigt werden, die Vereinsthemen eigenständig weiterzuentwickeln und zukünftigen Herausforderungen aktiv zu begegnen. [&hellip;]</p>
