{"id":1128,"date":"2022-08-28T00:50:32","date_gmt":"2022-08-27T22:50:32","guid":{"rendered":"https:\/\/superplaner.com\/?post_type=events&#038;p=1128"},"modified":"2022-09-04T21:47:37","modified_gmt":"2022-09-04T19:47:37","slug":"netzwerken","status":"publish","type":"events","link":"https:\/\/vskultur.de\/en\/events\/netzwerken\/","title":{"rendered":"Netzwerken"},"content":{"rendered":"<p><strong>Network - Network - Network: lerne dir schnell und einfach ein Netzwerk zu erschlie\u00dfen und worauf es dabei ankommt<\/strong><\/p>\n\n\n\n<p>Im November findet allj\u00e4hrlich die Gr\u00fcndungswoche statt. Dieses deutschlandweite Event\u202fgeht in Bremen in der Regel 3 Wochen (07 bis 27. November).<\/p>\n\n\n\n<p>Dies ist eine super Zeit, um sich zu vernetzen, sich auszutauschen und sich Wissen zum Thema Gr\u00fcndung und Unternehmertum anzueignen. Da in dieser Zeit vielf\u00e4ltige Termine und Workshops stattfinden, m\u00f6chten wir euch darauf vorbereiten. Wir werden einen Workshop zum Thema Netzwerken und Netzwerkaufbau anbieten.<\/p>\n\n\n\n<p>Dabei lernt ihr nicht nur, wie ihr einfach mit Menschen in Kontakt kommt, sondern auch, dass Netzwerke nicht zum K\u00fchlschr\u00e4nke verkaufen da sind. Im Anschluss k\u00f6nnt ihr w\u00e4hrend unseres hausinternen Netzwerktreffens euer Wissen anwenden und erproben. Gerne k\u00f6nnt ihr dort einfach vorbeikommen oder ihr meldet euch flugs an und sichert euch einen Platz!<\/p>\n\n\n\n<p>Registration: <a href=\"https:\/\/www.eventbrite.de\/e\/netzwerken-tickets-397031330397?aff=ebdssbdestsearch\" target=\"_blank\" rel=\"noreferrer noopener\">https:\/\/www.eventbrite.de\/e\/netzwerken-tickets-397031330397?aff=ebdssbdestsearch<\/a><\/p>","protected":false},"excerpt":{"rendered":"<p>Network - Network - Network: lerne dir schnell und einfach ein Netzwerk zu erschlie\u00dfen und worauf es dabei ankommt<\/p>","protected":false},"featured_media":1129,"parent":0,"template":"","event_kategorien":[37],"class_list":["post-1128","events","type-events","status-publish","has-post-thumbnail","hentry","event_kategorien-vergangene-veranstaltungen"],"acf":[],"_links":{"self":[{"href":"https:\/\/vskultur.de\/en\/wp-json\/wp\/v2\/events\/1128","targetHints":{"allow":["GET"]}}],"collection":[{"href":"https:\/\/vskultur.de\/en\/wp-json\/wp\/v2\/events"}],"about":[{"href":"https:\/\/vskultur.de\/en\/wp-json\/wp\/v2\/types\/events"}],"wp:featuredmedia":[{"embeddable":true,"href":"https:\/\/vskultur.de\/en\/wp-json\/wp\/v2\/media\/1129"}],"wp:attachment":[{"href":"https:\/\/vskultur.de\/en\/wp-json\/wp\/v2\/media?parent=1128"}],"wp:term":[{"taxonomy":"event_kategorien","embeddable":true,"href":"https:\/\/vskultur.de\/en\/wp-json\/wp\/v2\/event_kategorien?post=1128"}],"curies":[{"name":"wp","href":"https:\/\/api.w.org\/{rel}","templated":true}]}}

<p><strong>Network - Network - Network: lerne dir schnell und einfach ein Netzwerk zu erschließen und worauf es dabei ankommt</strong></p>



<p>Im November findet alljährlich die Gründungswoche statt. Dieses deutschlandweite Event geht in Bremen in der Regel 3 Wochen (07 bis 27. November).</p>



<p>Dies ist eine super Zeit, um sich zu vernetzen, sich auszutauschen und sich Wissen zum Thema Gründung und Unternehmertum anzueignen. Da in dieser Zeit vielfältige Termine und Workshops stattfinden, möchten wir euch darauf vorbereiten. Wir werden einen Workshop zum Thema Netzwerken und Netzwerkaufbau anbieten.</p>



<p>Dabei lernt ihr nicht nur, wie ihr einfach mit Menschen in Kontakt kommt, sondern auch, dass Netzwerke nicht zum Kühlschränke verkaufen da sind. Im Anschluss könnt ihr während unseres hausinternen Netzwerktreffens euer Wissen anwenden und erproben. Gerne könnt ihr dort einfach vorbeikommen oder ihr meldet euch flugs an und sichert euch einen Platz!</p>



<p>Registration: <a href="https://www.eventbrite.de/e/netzwerken-tickets-397031330397?aff=ebdssbdestsearch" target="_blank" rel="noreferrer noopener">https://www.eventbrite.de/e/netzwerken-tickets-397031330397?aff=ebdssbdestsearch</a></p>

<p>Network - Network - Network: lerne dir schnell und einfach ein Netzwerk zu erschließen und worauf es dabei ankommt</p>
